Last updated on 2023-06-05 23:09:30 CEST.
Flavor | Version | Tinstall | Tcheck | Ttotal | Status | Flags |
---|---|---|---|---|---|---|
r-devel-linux-x86_64-debian-clang | 0.5.2 | 8.61 | 256.46 | 265.07 | OK | |
r-devel-linux-x86_64-debian-gcc | 0.5.2 | 6.19 | 193.53 | 199.72 | OK | |
r-devel-linux-x86_64-fedora-clang | 0.5.2 | 355.66 | NOTE | |||
r-devel-linux-x86_64-fedora-gcc | 0.5.2 | 325.82 | NOTE | |||
r-devel-windows-x86_64 | 0.5.2 | 9.00 | 236.00 | 245.00 | OK | |
r-patched-linux-x86_64 | 0.5.2 | 11.07 | 249.24 | 260.31 | OK | |
r-release-linux-x86_64 | 0.5.2 | 6.34 | 252.00 | 258.34 | OK | |
r-release-macos-arm64 | 0.5.2 | 103.00 | OK | |||
r-release-macos-x86_64 | 0.5.2 | 178.00 | OK | |||
r-release-windows-x86_64 | 0.5.2 | 13.00 | 292.00 | 305.00 | OK | |
r-oldrel-macos-arm64 | 0.5.2 | 89.00 | NOTE | |||
r-oldrel-macos-x86_64 | 0.5.2 | 140.00 | NOTE | |||
r-oldrel-windows-x86_64 | 0.5.2 | 13.00 | 278.00 | 291.00 | OK |
Version: 0.5.2
Check: dependencies in R code
Result: NOTE
Namespace in Imports field not imported from: ‘rgdal’
All declared Imports should be used.
Flavors: r-devel-linux-x86_64-fedora-clang, r-devel-linux-x86_64-fedora-gcc, r-oldrel-macos-arm64, r-oldrel-macos-x86_64