CRAN Package Check Results for Package FRAPO

Last updated on 2024-02-28 08:54:28 CET.

Flavor Version Tinstall Tcheck Ttotal Status Flags
r-devel-linux-x86_64-debian-clang 0.4-1 10.88 91.49 102.37 NOTE
r-devel-linux-x86_64-debian-gcc 0.4-1 10.47 67.41 77.88 NOTE
r-devel-linux-x86_64-fedora-clang 0.4-1 133.72 NOTE
r-devel-linux-x86_64-fedora-gcc 0.4-1 121.57 NOTE
r-devel-windows-x86_64 0.4-1 13.00 88.00 101.00 NOTE
r-patched-linux-x86_64 0.4-1 16.29 86.87 103.16 NOTE
r-release-linux-x86_64 0.4-1 13.04 87.95 100.99 NOTE
r-release-macos-arm64 0.4-1 38.00 NOTE
r-release-macos-x86_64 0.4-1 66.00 NOTE
r-release-windows-x86_64 0.4-1 17.00 104.00 121.00 NOTE
r-oldrel-macos-arm64 0.4-1 36.00 OK
r-oldrel-windows-x86_64 0.4-1 21.00 105.00 126.00 OK

Check Details

Version: 0.4-1
Check: Rd files
Result: NOTE checkRd: (-1) MultiAsset.Rd:26: Escaped LaTeX specials: \& Flavors: r-devel-linux-x86_64-debian-clang, r-devel-linux-x86_64-debian-gcc, r-devel-linux-x86_64-fedora-clang, r-devel-linux-x86_64-fedora-gcc, r-devel-windows-x86_64, r-patched-linux-x86_64, r-release-linux-x86_64, r-release-macos-arm64, r-release-macos-x86_64, r-release-windows-x86_64