Last updated on 2025-01-21 18:49:40 CET.
Flavor | Version | Tinstall | Tcheck | Ttotal | Status | Flags |
---|---|---|---|---|---|---|
r-devel-linux-x86_64-debian-clang | 0.4-1 | 11.17 | 70.37 | 81.54 | NOTE | |
r-devel-linux-x86_64-debian-gcc | 0.4-1 | 8.26 | 48.82 | 57.08 | NOTE | |
r-devel-linux-x86_64-fedora-clang | 0.4-1 | 133.96 | NOTE | |||
r-devel-linux-x86_64-fedora-gcc | 0.4-1 | 124.53 | NOTE | |||
r-devel-windows-x86_64 | 0.4-1 | 13.00 | 85.00 | 98.00 | NOTE | |
r-patched-linux-x86_64 | 0.4-1 | 13.39 | 65.96 | 79.35 | NOTE | |
r-release-linux-x86_64 | 0.4-1 | 11.70 | 65.54 | 77.24 | NOTE | |
r-release-macos-arm64 | 0.4-1 | 37.00 | NOTE | |||
r-release-macos-x86_64 | 0.4-1 | 56.00 | NOTE | |||
r-release-windows-x86_64 | 0.4-1 | 12.00 | 86.00 | 98.00 | NOTE | |
r-oldrel-macos-arm64 | 0.4-1 | 38.00 | NOTE | |||
r-oldrel-macos-x86_64 | 0.4-1 | 66.00 | NOTE | |||
r-oldrel-windows-x86_64 | 0.4-1 | 14.00 | 107.00 | 121.00 | NOTE |
Version: 0.4-1
Check: Rd files
Result: NOTE
checkRd: (-1) MultiAsset.Rd:26: Escaped LaTeX specials: \&
Flavors: r-devel-linux-x86_64-debian-clang, r-devel-linux-x86_64-debian-gcc, r-devel-linux-x86_64-fedora-clang, r-devel-linux-x86_64-fedora-gcc, r-devel-windows-x86_64, r-patched-linux-x86_64, r-release-linux-x86_64, r-release-macos-arm64, r-release-macos-x86_64, r-release-windows-x86_64, r-oldrel-macos-arm64, r-oldrel-macos-x86_64, r-oldrel-windows-x86_64