CRAN Package Check Results for Package FRESA.CAD

Last updated on 2021-01-27 14:47:02 CET.

Flavor Version Tinstall Tcheck Ttotal Status Flags
r-devel-linux-x86_64-debian-clang 3.3.0 116.15 194.53 310.68 OK
r-devel-linux-x86_64-debian-gcc 3.3.0 OK
r-devel-linux-x86_64-fedora-clang 3.3.0 415.84 NOTE
r-devel-linux-x86_64-fedora-gcc 3.3.0 402.47 OK
r-devel-windows-ix86+x86_64 3.3.0 247.00 268.00 515.00 NOTE
r-patched-linux-x86_64 3.3.0 95.76 174.87 270.63 OK
r-patched-solaris-x86 3.3.0 402.50 OK
r-release-linux-x86_64 3.3.0 105.83 175.28 281.11 OK
r-release-macos-x86_64 3.3.0 NOTE
r-release-windows-ix86+x86_64 3.3.0 241.00 189.00 430.00 NOTE
r-oldrel-macos-x86_64 3.3.0 NOTE
r-oldrel-windows-ix86+x86_64 3.3.0 190.00 209.00 399.00 NOTE

Check Details

Version: 3.3.0
Check: installed package size
Result: NOTE
     installed size is 10.2Mb
     sub-directories of 1Mb or more:
     doc 1.7Mb
     libs 7.4Mb
Flavors: r-devel-linux-x86_64-fedora-clang, r-devel-windows-ix86+x86_64, r-release-macos-x86_64, r-release-windows-ix86+x86_64, r-oldrel-macos-x86_64, r-oldrel-windows-ix86+x86_64