CRAN Package Check Results for Package FRESA.CAD

Last updated on 2019-09-22 14:47:27 CEST.

Flavor Version Tinstall Tcheck Ttotal Status Flags
r-devel-linux-x86_64-debian-clang 3.1.0 90.22 135.44 225.66 NOTE
r-devel-linux-x86_64-debian-gcc 3.1.0 77.52 103.33 180.85 NOTE
r-devel-linux-x86_64-fedora-clang 3.1.0 297.79 NOTE
r-devel-linux-x86_64-fedora-gcc 3.1.0 298.41 NOTE
r-devel-windows-ix86+x86_64 3.1.0 223.00 230.00 453.00 NOTE
r-patched-linux-x86_64 3.1.0 86.37 131.75 218.12 NOTE
r-patched-solaris-x86 3.1.0 317.90 OK
r-release-linux-x86_64 3.1.0 82.91 132.03 214.94 NOTE
r-release-windows-ix86+x86_64 3.1.0 149.00 162.00 311.00 OK
r-release-osx-x86_64 3.1.0 NOTE
r-oldrel-windows-ix86+x86_64 3.1.0 145.00 153.00 298.00 OK
r-oldrel-osx-x86_64 3.1.0 NOTE

Check Details

Version: 3.1.0
Check: use of PKG_*FLAGS in Makefiles
Result: NOTE
     PKG_CFLAGS set in 'src/Makevars' without any corresponding files
     PKG_CFLAGS set in 'src/Makevars.win' without any corresponding files
Flavors: r-devel-linux-x86_64-debian-clang, r-devel-linux-x86_64-debian-gcc, r-devel-linux-x86_64-fedora-clang, r-devel-linux-x86_64-fedora-gcc, r-devel-windows-ix86+x86_64

Version: 3.1.0
Check: use of SHLIB_OPENMP_*FLAGS in Makefiles
Result: NOTE
     src/Makevars: SHLIB_OPENMP_CFLAGS is included in PKG_CFLAGS without any C files
     src/Makevars: SHLIB_OPENMP_CFLAGS is included in PKG_LIBS but linking is by C++
     src/Makevars.win: SHLIB_OPENMP_CFLAGS is included in PKG_CFLAGS without any C files
     src/Makevars.win: SHLIB_OPENMP_CFLAGS is included in PKG_LIBS but linking is by C++
    Use of these macros is discussed in sect 1.2.1.1 of 'Writing R
    Extensions'. The macros for different languages may differ so the
    matching macro must be used in PKG_CXXFLAGS (etc) and match that used
    in PKG_LIBS (except for Fortran: see the manual).
Flavors: r-devel-linux-x86_64-debian-clang, r-devel-linux-x86_64-debian-gcc, r-devel-linux-x86_64-fedora-clang, r-devel-linux-x86_64-fedora-gcc, r-patched-linux-x86_64, r-release-linux-x86_64

Version: 3.1.0
Check: installed package size
Result: NOTE
     installed size is 9.2Mb
     sub-directories of 1Mb or more:
     doc 1.4Mb
     libs 6.9Mb
Flavors: r-devel-linux-x86_64-fedora-clang, r-release-osx-x86_64, r-oldrel-osx-x86_64