CRAN Package Check Results for Package FSDAM

Last updated on 2021-04-15 06:47:44 CEST.

Flavor Version Tinstall Tcheck Ttotal Status Flags
r-devel-linux-x86_64-debian-clang 2020.11-18 6.63 67.16 73.79 OK
r-devel-linux-x86_64-debian-gcc 2020.11-18 6.27 53.35 59.62 OK
r-devel-linux-x86_64-fedora-clang 2020.11-18 100.33 OK
r-devel-linux-x86_64-fedora-gcc 2020.11-18 89.47 OK
r-devel-windows-ix86+x86_64 2020.11-18 14.00 86.00 100.00 OK
r-devel-windows-x86_64-gcc10-UCRT 2020.11-18 OK
r-patched-linux-x86_64 2020.11-18 6.86 64.59 71.45 OK
r-patched-solaris-x86 2020.11-18 138.60 OK
r-release-linux-x86_64 2020.11-18 7.04 64.33 71.37 OK
r-release-macos-x86_64 2020.11-18 OK
r-release-windows-ix86+x86_64 2020.11-18 14.00 90.00 104.00 OK
r-oldrel-macos-x86_64 2020.11-18 NOTE
r-oldrel-windows-ix86+x86_64 2020.11-18 14.00 62.00 76.00 NOTE

Check Details

Version: 2020.11-18
Check: R code for possible problems
Result: NOTE
    plot.fsdam: no visible global function definition for ‘plot’
    Undefined global functions or variables:
     plot
    Consider adding
     importFrom("graphics", "plot")
    to your NAMESPACE file.
Flavors: r-oldrel-macos-x86_64, r-oldrel-windows-ix86+x86_64