CRAN Package Check Results for Package FSelectorRcpp

Last updated on 2020-02-19 21:46:34 CET.

Flavor Version Tinstall Tcheck Ttotal Status Flags
r-devel-linux-x86_64-debian-clang 0.3.3 101.65 60.48 162.13 OK
r-devel-linux-x86_64-debian-gcc 0.3.3 74.86 46.70 121.56 OK
r-devel-linux-x86_64-fedora-clang 0.3.3 235.37 NOTE
r-devel-linux-x86_64-fedora-gcc 0.3.3 226.59 OK
r-devel-windows-ix86+x86_64 0.3.3 191.00 102.00 293.00 OK
r-devel-windows-ix86+x86_64-gcc8 0.3.3 267.00 154.00 421.00 OK
r-patched-linux-x86_64 0.3.3 83.20 54.47 137.67 OK
r-patched-solaris-x86 0.3.3 165.80 NOTE
r-release-linux-x86_64 0.3.3 79.37 54.23 133.60 OK
r-release-windows-ix86+x86_64 0.3.3 169.00 96.00 265.00 OK
r-release-osx-x86_64 0.3.3 NOTE
r-oldrel-windows-ix86+x86_64 0.3.3 172.00 88.00 260.00 OK
r-oldrel-osx-x86_64 0.3.3 NOTE

Check Details

Version: 0.3.3
Check: installed package size
Result: NOTE
     installed size is 10.1Mb
     sub-directories of 1Mb or more:
     libs 9.7Mb
Flavors: r-devel-linux-x86_64-fedora-clang, r-release-osx-x86_64, r-oldrel-osx-x86_64

Version: 0.3.3
Check: package dependencies
Result: NOTE
    Packages suggested but not available for checking: 'RWeka', 'FSelector'
Flavor: r-patched-solaris-x86

Version: 0.3.3
Check: Rd cross-references
Result: NOTE
    Package unavailable to check Rd xrefs: ‘FSelector’
Flavor: r-patched-solaris-x86

Version: 0.3.3
Check: package dependencies
Result: NOTE
    Package suggested but not available for checking: ‘RTCGA.rnaseq’
Flavors: r-release-osx-x86_64, r-oldrel-osx-x86_64