CRAN Package Check Results for Package FSelectorRcpp

Last updated on 2019-09-23 05:46:52 CEST.

Flavor Version Tinstall Tcheck Ttotal Status Flags
r-devel-linux-x86_64-debian-clang 0.3.1 88.00 53.63 141.63 OK
r-devel-linux-x86_64-debian-gcc 0.3.1 81.61 41.66 123.27 OK
r-devel-linux-x86_64-fedora-clang 0.3.1 211.85 NOTE
r-devel-linux-x86_64-fedora-gcc 0.3.1 205.76 OK
r-devel-windows-ix86+x86_64 0.3.1 238.00 132.00 370.00 OK
r-patched-linux-x86_64 0.3.1 76.51 51.33 127.84 OK
r-patched-solaris-x86 0.3.1 164.50 NOTE
r-release-linux-x86_64 0.3.1 80.41 52.68 133.09 OK
r-release-windows-ix86+x86_64 0.3.1 240.00 123.00 363.00 OK
r-release-osx-x86_64 0.3.1 NOTE
r-oldrel-windows-ix86+x86_64 0.3.1 190.00 91.00 281.00 OK
r-oldrel-osx-x86_64 0.3.1 NOTE

Additional issues

LTO

Check Details

Version: 0.3.1
Check: installed package size
Result: NOTE
     installed size is 10.1Mb
     sub-directories of 1Mb or more:
     libs 9.7Mb
Flavors: r-devel-linux-x86_64-fedora-clang, r-release-osx-x86_64, r-oldrel-osx-x86_64

Version: 0.3.1
Check: package dependencies
Result: NOTE
    Packages suggested but not available for checking: 'RWeka', 'FSelector'
Flavor: r-patched-solaris-x86

Version: 0.3.1
Check: Rd cross-references
Result: NOTE
    Package unavailable to check Rd xrefs: ‘FSelector’
Flavor: r-patched-solaris-x86

Version: 0.3.1
Check: package dependencies
Result: NOTE
    Package suggested but not available for checking: ‘RTCGA.rnaseq’
Flavors: r-release-osx-x86_64, r-oldrel-osx-x86_64