Last updated on 2022-05-24 08:53:27 CEST.
Flavor | Version | Tinstall | Tcheck | Ttotal | Status | Flags |
---|---|---|---|---|---|---|
r-devel-linux-x86_64-debian-clang | 2.0.5 | 23.43 | 367.77 | 391.20 | OK | |
r-devel-linux-x86_64-debian-gcc | 2.0.5 | 20.14 | 259.98 | 280.12 | OK | |
r-devel-linux-x86_64-fedora-clang | 2.0.5 | 447.50 | NOTE | |||
r-devel-linux-x86_64-fedora-gcc | 2.0.5 | 476.73 | NOTE | |||
r-devel-windows-x86_64 | 2.0.5 | 52.00 | 394.00 | 446.00 | OK | |
r-patched-linux-x86_64 | 2.0.5 | 20.14 | 335.38 | 355.52 | OK | |
r-release-linux-x86_64 | 2.0.5 | OK | ||||
r-release-macos-arm64 | 2.0.5 | 110.00 | NOTE | |||
r-release-macos-x86_64 | 2.0.5 | 175.00 | NOTE | |||
r-release-windows-x86_64 | 2.0.5 | 52.00 | 383.00 | 435.00 | OK | |
r-oldrel-macos-arm64 | 2.0.5 | 130.00 | NOTE | |||
r-oldrel-macos-x86_64 | 2.0.5 | 182.00 | NOTE | |||
r-oldrel-windows-ix86+x86_64 | 2.0.5 | 46.00 | 395.00 | 441.00 | OK |
Version: 2.0.5
Check: dependencies in R code
Result: NOTE
Namespaces in Imports field not imported from:
‘class’ ‘mlbench’ ‘neuralnet’ ‘rpart’
All declared Imports should be used.
Flavors: r-devel-linux-x86_64-fedora-clang, r-devel-linux-x86_64-fedora-gcc, r-release-macos-arm64, r-release-macos-x86_64, r-oldrel-macos-arm64, r-oldrel-macos-x86_64