CRAN Package Check Results for Package FactMixtAnalysis

Last updated on 2020-01-19 11:47:35 CET.

Flavor Version Tinstall Tcheck Ttotal Status Flags
r-devel-linux-x86_64-debian-clang 1.0 2.25 24.02 26.27 NOTE
r-devel-linux-x86_64-debian-gcc 1.0 2.22 18.77 20.99 NOTE
r-devel-linux-x86_64-fedora-clang 1.0 32.40 NOTE
r-devel-linux-x86_64-fedora-gcc 1.0 33.22 NOTE
r-devel-windows-ix86+x86_64 1.0 14.00 36.00 50.00 NOTE
r-devel-windows-ix86+x86_64-gcc8 1.0 7.00 38.00 45.00 NOTE
r-patched-linux-x86_64 1.0 2.26 21.96 24.22 NOTE
r-patched-solaris-x86 1.0 43.40 NOTE
r-release-linux-x86_64 1.0 2.20 22.09 24.29 NOTE
r-release-windows-ix86+x86_64 1.0 10.00 34.00 44.00 NOTE
r-release-osx-x86_64 1.0 NOTE
r-oldrel-windows-ix86+x86_64 1.0 4.00 35.00 39.00 NOTE
r-oldrel-osx-x86_64 1.0 NOTE

Check Details

Version: 1.0
Check: DESCRIPTION meta-information
Result: NOTE
    Malformed Description field: should contain one or more complete sentences.
Flavors: r-devel-linux-x86_64-debian-clang, r-devel-linux-x86_64-debian-gcc, r-devel-linux-x86_64-fedora-clang, r-devel-linux-x86_64-fedora-gcc, r-devel-windows-ix86+x86_64, r-devel-windows-ix86+x86_64-gcc8, r-patched-linux-x86_64, r-patched-solaris-x86, r-release-linux-x86_64, r-release-windows-ix86+x86_64, r-release-osx-x86_64, r-oldrel-windows-ix86+x86_64, r-oldrel-osx-x86_64

Version: 1.0
Check: R code for possible problems
Result: NOTE
    fma: no visible global function definition for 'factanal'
    fma: no visible global function definition for 'runif'
    fma: no visible global function definition for 'kmeans'
    fma: no visible global function definition for 'var'
    fma.em.alg: no visible global function definition for 'var'
    misc : q: no visible global function definition for 'name'
    Undefined global functions or variables:
     factanal kmeans name runif var
    Consider adding
     importFrom("stats", "factanal", "kmeans", "runif", "var")
    to your NAMESPACE file.
Flavors: r-devel-linux-x86_64-debian-clang, r-devel-linux-x86_64-debian-gcc, r-devel-linux-x86_64-fedora-clang, r-devel-linux-x86_64-fedora-gcc, r-devel-windows-ix86+x86_64, r-devel-windows-ix86+x86_64-gcc8, r-patched-linux-x86_64, r-patched-solaris-x86, r-release-linux-x86_64, r-release-windows-ix86+x86_64, r-release-osx-x86_64, r-oldrel-windows-ix86+x86_64, r-oldrel-osx-x86_64

Version: 1.0
Check: Rd line widths
Result: NOTE
    Rd file 'fma.Rd':
     \usage lines wider than 90 characters:
     fma(y, k, r, x.z = NULL, x.w = NULL, it = 15, eps = 1e-04, seed = 4, scaling = FALSE, init = NULL)
    
    These lines will be truncated in the PDF manual.
Flavors: r-devel-linux-x86_64-debian-clang, r-devel-linux-x86_64-debian-gcc, r-devel-linux-x86_64-fedora-clang, r-devel-linux-x86_64-fedora-gcc, r-patched-linux-x86_64, r-release-linux-x86_64