CRAN Package Check Results for Package FeatureHashing

Last updated on 2022-08-15 11:50:36 CEST.

Flavor Version Tinstall Tcheck Ttotal Status Flags
r-devel-linux-x86_64-debian-clang 0.9.1.4 81.12 133.01 214.13 WARN
r-devel-linux-x86_64-debian-gcc 0.9.1.4 66.30 100.98 167.28 OK
r-devel-linux-x86_64-fedora-clang 0.9.1.4 289.14 WARN
r-devel-linux-x86_64-fedora-gcc 0.9.1.4 287.26 OK
r-devel-windows-x86_64 0.9.1.4 92.00 174.00 266.00 OK
r-patched-linux-x86_64 0.9.1.4 70.18 127.76 197.94 OK
r-release-linux-x86_64 0.9.1.4 71.85 126.96 198.81 OK
r-release-macos-arm64 0.9.1.4 73.00 OK
r-release-macos-x86_64 0.9.1.4 104.00 OK
r-release-windows-x86_64 0.9.1.4 113.00 178.00 291.00 OK
r-oldrel-macos-arm64 0.9.1.4 87.00 NOTE
r-oldrel-macos-x86_64 0.9.1.4 151.00 OK
r-oldrel-windows-ix86+x86_64 0.9.1.4 195.00 233.00 428.00 OK

Additional issues

clang14

Check Details

Version: 0.9.1.4
Check: whether package can be installed
Result: WARN
    Found the following significant warnings:
     ./vector_converter.h:249:9: warning: use of bitwise '|' with boolean operands [-Wbitwise-instead-of-logical]
     ./vector_converter.h:259:9: warning: use of bitwise '|' with boolean operands [-Wbitwise-instead-of-logical]
Flavors: r-devel-linux-x86_64-debian-clang, r-devel-linux-x86_64-fedora-clang

Version: 0.9.1.4
Check: installed package size
Result: NOTE
     installed size is 5.7Mb
     sub-directories of 1Mb or more:
     libs 5.0Mb
Flavor: r-oldrel-macos-arm64