CRAN Package Check Results for Package FieldSim

Last updated on 2022-01-18 13:16:03 CET.

Flavor Version Tinstall Tcheck Ttotal Status Flags
r-devel-linux-x86_64-debian-clang 3.2.1 6.51 65.89 72.40 NOTE
r-devel-linux-x86_64-debian-gcc 3.2.1 5.20 52.41 57.61 NOTE
r-devel-linux-x86_64-fedora-clang 3.2.1 85.54 NOTE
r-devel-linux-x86_64-fedora-gcc 3.2.1 74.85 NOTE
r-devel-windows-x86_64-new-UL 3.2.1 48.00 86.00 134.00 NOTE
r-devel-windows-x86_64-new-TK 3.2.1 NOTE
r-patched-linux-x86_64 3.2.1 5.87 63.62 69.49 NOTE
r-release-linux-x86_64 3.2.1 NOTE
r-release-macos-arm64 3.2.1 NOTE
r-release-macos-x86_64 3.2.1 NOTE
r-release-windows-ix86+x86_64 3.2.1 13.00 77.00 90.00 NOTE
r-oldrel-macos-x86_64 3.2.1 NOTE
r-oldrel-windows-ix86+x86_64 3.2.1 13.00 73.00 86.00 NOTE

Check Details

Version: 3.2.1
Check: R code for possible problems
Result: NOTE
    fieldsim: no visible global function definition for 'rnorm'
    midpoint: no visible global function definition for 'rnorm'
    setAtlas_under: no visible global function definition for 'runif'
    setCovf_under : Ibeta: no visible global function definition for
     'pbeta'
    visualize: no visible global function definition for 'colorRampPalette'
    Undefined global functions or variables:
     colorRampPalette pbeta rnorm runif
    Consider adding
     importFrom("grDevices", "colorRampPalette")
     importFrom("stats", "pbeta", "rnorm", "runif")
    to your NAMESPACE file.
Flavors: r-devel-linux-x86_64-debian-clang, r-devel-linux-x86_64-debian-gcc, r-devel-linux-x86_64-fedora-clang, r-devel-linux-x86_64-fedora-gcc, r-devel-windows-x86_64-new-UL, r-devel-windows-x86_64-new-TK, r-patched-linux-x86_64, r-release-linux-x86_64, r-release-macos-arm64, r-release-macos-x86_64, r-release-windows-ix86+x86_64, r-oldrel-macos-x86_64, r-oldrel-windows-ix86+x86_64