CRAN Package Check Results for Package FinePop

Last updated on 2019-09-16 20:47:46 CEST.

Flavor Version Tinstall Tcheck Ttotal Status Flags
r-devel-linux-x86_64-debian-clang 1.5.1 3.64 33.87 37.51 NOTE
r-devel-linux-x86_64-debian-gcc 1.5.1 2.90 26.98 29.88 NOTE
r-devel-linux-x86_64-fedora-clang 1.5.1 44.84 NOTE
r-devel-linux-x86_64-fedora-gcc 1.5.1 43.81 NOTE
r-devel-windows-ix86+x86_64 1.5.1 10.00 71.00 81.00 OK
r-patched-linux-x86_64 1.5.1 3.40 33.50 36.90 OK
r-patched-solaris-x86 1.5.1 66.70 OK
r-release-linux-x86_64 1.5.1 2.85 33.76 36.61 OK
r-release-windows-ix86+x86_64 1.5.1 8.00 48.00 56.00 OK
r-release-osx-x86_64 1.5.1 OK
r-oldrel-windows-ix86+x86_64 1.5.1 6.00 41.00 47.00 OK
r-oldrel-osx-x86_64 1.5.1 OK

Check Details

Version: 1.5.1
Check: for non-standard things in the check directory
Result: NOTE
    Found the following files/directories:
     'AH_genepop.txt' 'AH_popname.txt' 'JSM_MS_freq.txt'
     'JSM_MS_genepop.txt' 'JSM_genepop_clipped_both.txt'
     'JSM_genepop_clipped_maf.txt' 'JSM_genepop_clipped_name.txt'
     'JSM_mtDNA_freq.txt' 'JSM_popname.txt' 'result_DJ.csv'
     'result_EBDJ.csv' 'result_EBFST.csv' 'result_EBFST_mtDNA.csv'
     'result_EBGstH.csv' 'result_GstH.csv' 'result_GstN.csv'
     'result_GstNC.csv' 'result_thetaWCpair.csv'
Flavors: r-devel-linux-x86_64-debian-clang, r-devel-linux-x86_64-debian-gcc, r-devel-linux-x86_64-fedora-clang, r-devel-linux-x86_64-fedora-gcc