CRAN Package Check Results for Package FinePop

Last updated on 2020-01-22 19:47:50 CET.

Flavor Version Tinstall Tcheck Ttotal Status Flags
r-devel-linux-x86_64-debian-clang 1.5.1 3.33 35.10 38.43 NOTE
r-devel-linux-x86_64-debian-gcc 1.5.1 3.21 28.56 31.77 NOTE
r-devel-linux-x86_64-fedora-clang 1.5.1 48.03 NOTE
r-devel-linux-x86_64-fedora-gcc 1.5.1 47.60 NOTE
r-devel-windows-ix86+x86_64 1.5.1 12.00 48.00 60.00 OK
r-devel-windows-ix86+x86_64-gcc8 1.5.1 10.00 67.00 77.00 OK
r-patched-linux-x86_64 1.5.1 3.54 33.30 36.84 OK
r-patched-solaris-x86 1.5.1 69.30 OK
r-release-linux-x86_64 1.5.1 3.17 33.82 36.99 OK
r-release-windows-ix86+x86_64 1.5.1 9.00 63.00 72.00 OK
r-release-osx-x86_64 1.5.1 OK
r-oldrel-windows-ix86+x86_64 1.5.1 5.00 52.00 57.00 OK
r-oldrel-osx-x86_64 1.5.1 OK

Check Details

Version: 1.5.1
Check: for non-standard things in the check directory
Result: NOTE
    Found the following files/directories:
     'AH_genepop.txt' 'AH_popname.txt' 'JSM_MS_freq.txt'
     'JSM_MS_genepop.txt' 'JSM_genepop_clipped_both.txt'
     'JSM_genepop_clipped_maf.txt' 'JSM_genepop_clipped_name.txt'
     'JSM_mtDNA_freq.txt' 'JSM_popname.txt' 'result_DJ.csv'
     'result_EBDJ.csv' 'result_EBFST.csv' 'result_EBFST_mtDNA.csv'
     'result_EBGstH.csv' 'result_GstH.csv' 'result_GstN.csv'
     'result_GstNC.csv' 'result_thetaWCpair.csv'
Flavors: r-devel-linux-x86_64-debian-clang, r-devel-linux-x86_64-debian-gcc, r-devel-linux-x86_64-fedora-clang, r-devel-linux-x86_64-fedora-gcc