CRAN Package Check Results for Package FinePop2

Last updated on 2020-11-29 17:46:36 CET.

Flavor Version Tinstall Tcheck Ttotal Status Flags
r-devel-linux-x86_64-debian-clang 0.4 3.10 32.46 35.56 OK
r-devel-linux-x86_64-debian-gcc 0.4 2.07 25.17 27.24 OK
r-devel-linux-x86_64-fedora-clang 0.4 50.63 NOTE
r-devel-linux-x86_64-fedora-gcc 0.4 40.27 OK
r-devel-windows-ix86+x86_64 0.4 6.00 36.00 42.00 OK
r-patched-linux-x86_64 0.4 3.20 32.20 35.40 OK
r-patched-solaris-x86 0.4 59.90 OK
r-release-linux-x86_64 0.4 3.26 32.36 35.62 OK
r-release-macos-x86_64 0.4 OK
r-release-windows-ix86+x86_64 0.4 5.00 44.00 49.00 OK
r-oldrel-macos-x86_64 0.4 OK
r-oldrel-windows-ix86+x86_64 0.4 9.00 57.00 66.00 OK

Check Details

Version: 0.4
Check: Rd cross-references
Result: NOTE
    Undeclared package ‘FinePop’ in Rd xrefs
Flavor: r-devel-linux-x86_64-fedora-clang