CRAN Package Check Results for Package FisPro

Last updated on 2022-01-19 10:17:33 CET.

Flavor Version Tinstall Tcheck Ttotal Status Flags
r-devel-linux-x86_64-debian-clang 1.1 OK
r-devel-linux-x86_64-debian-gcc 1.1 175.62 80.80 256.42 OK
r-devel-linux-x86_64-fedora-clang 1.1 458.67 NOTE
r-devel-linux-x86_64-fedora-gcc 1.1 424.84 OK
r-devel-windows-x86_64-new-UL 1.1 223.00 152.00 375.00 NOTE
r-devel-windows-x86_64-new-TK 1.1 OK
r-patched-linux-x86_64 1.1 203.64 91.41 295.05 OK
r-release-linux-x86_64 1.1 OK
r-release-macos-arm64 1.1 NOTE
r-release-macos-x86_64 1.1 NOTE
r-release-windows-ix86+x86_64 1.1 514.00 168.00 682.00 NOTE
r-oldrel-macos-x86_64 1.1 NOTE
r-oldrel-windows-ix86+x86_64 1.1 514.00 175.00 689.00 NOTE

Check Details

Version: 1.1
Check: installed package size
Result: NOTE
     installed size is 29.9Mb
     sub-directories of 1Mb or more:
     lib 11.7Mb
     libs 17.7Mb
Flavors: r-devel-linux-x86_64-fedora-clang, r-devel-windows-x86_64-new-UL, r-release-macos-arm64, r-release-macos-x86_64, r-release-windows-ix86+x86_64, r-oldrel-macos-x86_64, r-oldrel-windows-ix86+x86_64