CRAN Package Check Results for Package FlexReg

Last updated on 2021-03-08 08:48:28 CET.

Flavor Version Tinstall Tcheck Ttotal Status Flags
r-devel-linux-x86_64-debian-clang 1.0 728.83 156.59 885.42 NOTE
r-devel-linux-x86_64-debian-gcc 1.0 596.38 145.33 741.71 NOTE
r-devel-linux-x86_64-fedora-clang 1.0 1183.33 NOTE
r-devel-linux-x86_64-fedora-gcc 1.0 1264.80 NOTE
r-devel-windows-ix86+x86_64 1.0 1359.00 8.00 1367.00 ERROR
r-devel-windows-x86_64-gcc10-UCRT 1.0 ERROR
r-patched-linux-x86_64 1.0 636.33 179.00 815.33 NOTE
r-patched-solaris-x86 1.0 1037.20 NOTE
r-release-linux-x86_64 1.0 639.32 180.63 819.95 NOTE
r-release-macos-x86_64 1.0 NOTE
r-release-windows-ix86+x86_64 1.0 1054.00 308.00 1362.00 NOTE
r-oldrel-macos-x86_64 1.0 ERROR
r-oldrel-windows-ix86+x86_64 1.0 1069.00 269.00 1338.00 NOTE

Check Details

Version: 1.0
Check: for GNU extensions in Makefiles
Result: NOTE
    GNU make is a SystemRequirements.
Flavors: r-devel-linux-x86_64-debian-clang, r-devel-linux-x86_64-debian-gcc, r-devel-linux-x86_64-fedora-clang, r-devel-linux-x86_64-fedora-gcc, r-patched-linux-x86_64, r-patched-solaris-x86, r-release-linux-x86_64, r-release-macos-x86_64, r-release-windows-ix86+x86_64, r-oldrel-macos-x86_64, r-oldrel-windows-ix86+x86_64

Version: 1.0
Check: installed package size
Result: NOTE
     installed size is 106.3Mb
     sub-directories of 1Mb or more:
     libs 105.8Mb
Flavors: r-devel-linux-x86_64-fedora-clang, r-patched-solaris-x86, r-release-macos-x86_64, r-release-windows-ix86+x86_64, r-oldrel-macos-x86_64, r-oldrel-windows-ix86+x86_64

Version: 1.0
Check: dependencies in R code
Result: NOTE
    Namespace in Imports field not imported from: ‘rstantools’
     All declared Imports should be used.
Flavors: r-devel-linux-x86_64-fedora-clang, r-devel-linux-x86_64-fedora-gcc, r-patched-solaris-x86, r-release-macos-x86_64, r-oldrel-macos-x86_64

Version: 1.0
Check: whether package can be installed
Result: ERROR
    Installation failed.
Flavor: r-devel-windows-ix86+x86_64

Version: 1.0
Check: package dependencies
Result: ERROR
    Package required but not available: 'rstan'
    
    See section 'The DESCRIPTION file' in the 'Writing R Extensions'
    manual.
Flavor: r-devel-windows-x86_64-gcc10-UCRT

Version: 1.0
Check: examples
Result: ERROR
    Running examples in ‘FlexReg-Ex.R’ failed
    The error most likely occurred in:
    
    > ### Name: R2_bayes
    > ### Title: Bayesian R-squared for flexreg Objects
    > ### Aliases: R2_bayes
    >
    > ### ** Examples
    >
    > data("Reading")
    > FB <- flexreg(accuracy ~ iq, Reading, type="FB", n.iter=1000)
    
    SAMPLING FOR MODEL 'FB' NOW (CHAIN 1).
    Chain 1:
    Chain 1: Gradient evaluation took 0.00017 seconds
    Chain 1: 1000 transitions using 10 leapfrog steps per transition would take 1.7 seconds.
    Chain 1: Adjust your expectations accordingly!
    Chain 1:
    Chain 1:
    Chain 1: Iteration: 1 / 1000 [ 0%] (Warmup)
    [1] "Error in sampler$call_sampler(args_list[[i]]) : "
    [2] " c++ exception (unknown reason)"
    error occurred during calling the sampler; sampling not done
    > hist(R2_bayes(FB))
    Stan model 'FB' does not contain samples.
    Error in apply(y_tilde, 1, var) : dim(X) must have a positive length
    Calls: hist -> R2_bayes -> apply
    Execution halted
Flavor: r-oldrel-macos-x86_64