Last updated on 2022-05-25 23:10:09 CEST.
Flavor | Version | Tinstall | Tcheck | Ttotal | Status | Flags |
---|---|---|---|---|---|---|
r-devel-linux-x86_64-debian-clang | 0.1.6 | 2.57 | 79.86 | 82.43 | OK | |
r-devel-linux-x86_64-debian-gcc | 0.1.6 | 2.25 | 60.58 | 62.83 | OK | |
r-devel-linux-x86_64-fedora-clang | 0.1.6 | 95.79 | NOTE | |||
r-devel-linux-x86_64-fedora-gcc | 0.1.6 | 101.78 | NOTE | |||
r-devel-windows-x86_64 | 0.1.6 | 11.00 | 98.00 | 109.00 | OK | |
r-patched-linux-x86_64 | 0.1.6 | 2.37 | 77.17 | 79.54 | OK | |
r-release-linux-x86_64 | 0.1.6 | OK | ||||
r-release-macos-arm64 | 0.1.6 | 29.00 | NOTE | |||
r-release-macos-x86_64 | 0.1.6 | 51.00 | NOTE | |||
r-release-windows-x86_64 | 0.1.6 | 13.00 | 107.00 | 120.00 | OK | |
r-oldrel-macos-arm64 | 0.1.6 | 21.00 | NOTE | |||
r-oldrel-macos-x86_64 | 0.1.6 | 31.00 | NOTE | |||
r-oldrel-windows-ix86+x86_64 | 0.1.6 | 7.00 | 91.00 | 98.00 | OK |
Version: 0.1.6
Check: dependencies in R code
Result: NOTE
Namespaces in Imports field not imported from:
‘igraph’ ‘rgeos’ ‘viridis’
All declared Imports should be used.
Flavors: r-devel-linux-x86_64-fedora-clang, r-devel-linux-x86_64-fedora-gcc, r-release-macos-arm64, r-release-macos-x86_64, r-oldrel-macos-arm64, r-oldrel-macos-x86_64
Version: 0.1.6
Check: Rd cross-references
Result: NOTE
Undeclared package ‘rgdal’ in Rd xrefs
Flavor: r-devel-linux-x86_64-fedora-clang