CRAN Package Check Results for Package ForestGapR

Last updated on 2020-09-27 23:49:26 CEST.

Flavor Version Tinstall Tcheck Ttotal Status Flags
r-devel-linux-x86_64-debian-clang 0.0.2 2.43 37.07 39.50 OK
r-devel-linux-x86_64-debian-gcc 0.0.2 2.11 28.32 30.43 OK
r-devel-linux-x86_64-fedora-clang 0.0.2 55.26 NOTE
r-devel-linux-x86_64-fedora-gcc 0.0.2 51.74 NOTE
r-devel-windows-ix86+x86_64 0.0.2 6.00 61.00 67.00 OK
r-patched-linux-x86_64 0.0.2 2.64 35.40 38.04 OK
r-patched-solaris-x86 0.0.2 70.30 NOTE
r-release-linux-x86_64 0.0.2 2.37 35.12 37.49 OK
r-release-macos-x86_64 0.0.2 NOTE
r-release-windows-ix86+x86_64 0.0.2 7.00 57.00 64.00 OK
r-oldrel-macos-x86_64 0.0.2 NOTE
r-oldrel-windows-ix86+x86_64 0.0.2 5.00 58.00 63.00 OK

Check Details

Version: 0.0.2
Check: dependencies in R code
Result: NOTE
    Namespaces in Imports field not imported from:
     ‘igraph’ ‘rgeos’ ‘viridis’
     All declared Imports should be used.
Flavors: r-devel-linux-x86_64-fedora-clang, r-devel-linux-x86_64-fedora-gcc, r-patched-solaris-x86, r-release-macos-x86_64, r-oldrel-macos-x86_64

Version: 0.0.2
Check: Rd cross-references
Result: NOTE
    Undeclared package ‘rgdal’ in Rd xrefs
Flavor: r-devel-linux-x86_64-fedora-clang