CRAN Package Check Results for Package ForestGapR

Last updated on 2019-12-09 05:47:12 CET.

Flavor Version Tinstall Tcheck Ttotal Status Flags
r-devel-linux-x86_64-debian-clang 0.0.2 2.45 34.98 37.43 OK
r-devel-linux-x86_64-debian-gcc 0.0.2 2.13 28.46 30.59 OK
r-devel-linux-x86_64-fedora-clang 0.0.2 46.07 NOTE
r-devel-linux-x86_64-fedora-gcc 0.0.2 43.87 NOTE
r-devel-windows-ix86+x86_64 0.0.2 6.00 47.00 53.00 OK
r-devel-windows-ix86+x86_64-gcc8 0.0.2 8.00 48.00 56.00 OK
r-patched-linux-x86_64 0.0.2 2.04 31.86 33.90 OK
r-patched-solaris-x86 0.0.2 61.40 NOTE
r-release-linux-x86_64 0.0.2 2.26 31.44 33.70 OK
r-release-windows-ix86+x86_64 0.0.2 5.00 48.00 53.00 OK
r-release-osx-x86_64 0.0.2 NOTE
r-oldrel-windows-ix86+x86_64 0.0.2 3.00 45.00 48.00 OK
r-oldrel-osx-x86_64 0.0.2 NOTE

Check Details

Version: 0.0.2
Check: dependencies in R code
Result: NOTE
    Namespaces in Imports field not imported from:
     ‘igraph’ ‘rgeos’ ‘viridis’
     All declared Imports should be used.
Flavors: r-devel-linux-x86_64-fedora-clang, r-devel-linux-x86_64-fedora-gcc, r-patched-solaris-x86, r-release-osx-x86_64, r-oldrel-osx-x86_64