CRAN Package Check Results for Package ForestGapR

Last updated on 2020-07-08 12:48:57 CEST.

Flavor Version Tinstall Tcheck Ttotal Status Flags
r-devel-linux-x86_64-debian-clang 0.0.2 2.36 36.35 38.71 OK
r-devel-linux-x86_64-debian-gcc 0.0.2 2.00 28.03 30.03 OK
r-devel-linux-x86_64-fedora-clang 0.0.2 54.62 NOTE
r-devel-linux-x86_64-fedora-gcc 0.0.2 45.43 NOTE
r-devel-windows-ix86+x86_64 0.0.2 8.00 49.00 57.00 OK
r-patched-linux-x86_64 0.0.2 2.58 35.50 38.08 OK
r-patched-solaris-x86 0.0.2 67.80 NOTE
r-release-linux-x86_64 0.0.2 2.60 35.01 37.61 OK
r-release-osx-x86_64 0.0.2 NOTE
r-release-windows-ix86+x86_64 0.0.2 7.00 53.00 60.00 OK
r-oldrel-osx-x86_64 0.0.2 NOTE
r-oldrel-windows-ix86+x86_64 0.0.2 7.00 62.00 69.00 OK

Check Details

Version: 0.0.2
Check: dependencies in R code
Result: NOTE
    Namespaces in Imports field not imported from:
     ‘igraph’ ‘rgeos’ ‘viridis’
     All declared Imports should be used.
Flavors: r-devel-linux-x86_64-fedora-clang, r-devel-linux-x86_64-fedora-gcc, r-patched-solaris-x86, r-release-osx-x86_64, r-oldrel-osx-x86_64

Version: 0.0.2
Check: Rd cross-references
Result: NOTE
    Undeclared package ‘rgdal’ in Rd xrefs
Flavor: r-devel-linux-x86_64-fedora-clang