CRAN Package Check Results for Package GA

Last updated on 2019-08-25 21:47:59 CEST.

Flavor Version Tinstall Tcheck Ttotal Status Flags
r-devel-linux-x86_64-debian-clang 3.2 41.22 68.76 109.98 OK
r-devel-linux-x86_64-debian-gcc 3.2 34.08 53.21 87.29 OK
r-devel-linux-x86_64-fedora-clang 3.2 149.63 NOTE
r-devel-linux-x86_64-fedora-gcc 3.2 148.01 OK
r-devel-windows-ix86+x86_64 3.2 110.00 142.00 252.00 OK
r-patched-linux-x86_64 3.2 35.77 68.24 104.01 OK
r-patched-solaris-x86 3.2 168.30 OK
r-release-linux-x86_64 3.2 37.03 68.58 105.61 OK
r-release-windows-ix86+x86_64 3.2 103.00 138.00 241.00 OK
r-release-osx-x86_64 3.2 NOTE
r-oldrel-windows-ix86+x86_64 3.2 100.00 135.00 235.00 OK
r-oldrel-osx-x86_64 3.2 NOTE

Check Details

Version: 3.2
Check: installed package size
Result: NOTE
     installed size is 6.0Mb
     sub-directories of 1Mb or more:
     doc 1.7Mb
     libs 3.8Mb
Flavors: r-devel-linux-x86_64-fedora-clang, r-release-osx-x86_64, r-oldrel-osx-x86_64