CRAN Package Check Results for Package GA

Last updated on 2020-01-21 14:47:20 CET.

Flavor Version Tinstall Tcheck Ttotal Status Flags
r-devel-linux-x86_64-debian-clang 3.2 49.64 78.71 128.35 OK
r-devel-linux-x86_64-debian-gcc 3.2 36.81 59.02 95.83 OK
r-devel-linux-x86_64-fedora-clang 3.2 160.91 NOTE
r-devel-linux-x86_64-fedora-gcc 3.2 159.77 OK
r-devel-windows-ix86+x86_64 3.2 117.00 151.00 268.00 OK
r-devel-windows-ix86+x86_64-gcc8 3.2 116.00 149.00 265.00 OK
r-patched-linux-x86_64 3.2 38.21 69.41 107.62 OK
r-patched-solaris-x86 3.2 174.10 OK
r-release-linux-x86_64 3.2 38.90 69.28 108.18 OK
r-release-windows-ix86+x86_64 3.2 105.00 112.00 217.00 OK
r-release-osx-x86_64 3.2 NOTE
r-oldrel-windows-ix86+x86_64 3.2 65.00 102.00 167.00 OK
r-oldrel-osx-x86_64 3.2 NOTE

Check Details

Version: 3.2
Check: installed package size
Result: NOTE
     installed size is 6.1Mb
     sub-directories of 1Mb or more:
     doc 1.7Mb
     libs 3.8Mb
Flavors: r-devel-linux-x86_64-fedora-clang, r-release-osx-x86_64, r-oldrel-osx-x86_64