CRAN Package Check Results for Package GD

Last updated on 2022-01-28 07:51:22 CET.

Flavor Version Tinstall Tcheck Ttotal Status Flags
r-devel-linux-x86_64-debian-clang 1.10 3.45 40.83 44.28 OK
r-devel-linux-x86_64-debian-gcc 1.10 3.14 32.18 35.32 OK
r-devel-linux-x86_64-fedora-clang 1.10 56.62 NOTE
r-devel-linux-x86_64-fedora-gcc 1.10 45.23 NOTE
r-devel-windows-x86_64-new-UL 1.10 35.00 64.00 99.00 OK
r-devel-windows-x86_64-new-TK 1.10 NOTE
r-patched-linux-x86_64 1.10 4.49 39.12 43.61 OK
r-release-linux-x86_64 1.10 4.47 38.93 43.40 OK
r-release-macos-arm64 1.10 NOTE
r-release-macos-x86_64 1.10 NOTE
r-release-windows-ix86+x86_64 1.10 9.00 50.00 59.00 OK
r-oldrel-macos-x86_64 1.10 NOTE
r-oldrel-windows-ix86+x86_64 1.10 9.00 48.00 57.00 OK

Check Details

Version: 1.10
Check: dependencies in R code
Result: NOTE
    Namespace in Imports field not imported from: ‘badger’
     All declared Imports should be used.
Flavors: r-devel-linux-x86_64-fedora-clang, r-devel-linux-x86_64-fedora-gcc, r-devel-windows-x86_64-new-TK, r-release-macos-arm64, r-release-macos-x86_64, r-oldrel-macos-x86_64