CRAN Package Check Results for Package GFD

Last updated on 2020-06-01 13:49:36 CEST.

Flavor Version Tinstall Tcheck Ttotal Status Flags
r-devel-linux-x86_64-debian-clang 0.2.6 3.57 45.62 49.19 OK
r-devel-linux-x86_64-debian-gcc 0.2.6 2.61 35.59 38.20 OK
r-devel-linux-x86_64-fedora-clang 0.2.6 66.88 OK
r-devel-linux-x86_64-fedora-gcc 0.2.6 58.87 OK
r-devel-windows-ix86+x86_64 0.2.6 9.00 79.00 88.00 OK
r-patched-linux-x86_64 0.2.6 3.56 45.79 49.35 OK
r-patched-solaris-x86 0.2.6 83.40 OK
r-release-linux-x86_64 0.2.6 3.37 46.00 49.37 OK
r-release-osx-x86_64 0.2.6 OK
r-release-windows-ix86+x86_64 0.2.6 8.00 57.00 65.00 OK
r-oldrel-osx-x86_64 0.2.6 WARN
r-oldrel-windows-ix86+x86_64 0.2.6 7.00 60.00 67.00 OK

Check Details

Version: 0.2.6
Check: package dependencies
Result: NOTE
    Package suggested but not available for checking: ‘RGtk2’
Flavor: r-oldrel-osx-x86_64

Version: 0.2.6
Check: re-building of vignette outputs
Result: WARN
    Error(s) in re-building vignettes:
     ...
    --- re-building ‘IntroductionToGFD.Rmd’ using rmarkdown
    Warning in engine$weave(file, quiet = quiet, encoding = enc) :
     Pandoc (>= 1.12.3) and/or pandoc-citeproc not available. Falling back to R Markdown v1.
    Quitting from lines 106-107 (IntroductionToGFD.Rmd)
    Error: processing vignette 'IntroductionToGFD.Rmd' failed with diagnostics:
    there is no package called 'RGtk2'
    --- failed re-building ‘IntroductionToGFD.Rmd’
    
    SUMMARY: processing the following file failed:
     ‘IntroductionToGFD.Rmd’
    
    Error: Vignette re-building failed.
    Execution halted
Flavor: r-oldrel-osx-x86_64