CRAN Package Check Results for Package GGIR

Last updated on 2020-09-28 01:48:59 CEST.

Flavor Version Tinstall Tcheck Ttotal Status Flags
r-devel-linux-x86_64-debian-clang 2.1-0 48.25 138.48 186.73 OK
r-devel-linux-x86_64-debian-gcc 2.1-0 39.45 101.82 141.27 OK
r-devel-linux-x86_64-fedora-clang 2.1-0 237.55 OK
r-devel-linux-x86_64-fedora-gcc 2.1-0 266.32 OK
r-devel-windows-ix86+x86_64 2.1-0 100.00 210.00 310.00 NOTE
r-patched-linux-x86_64 2.1-0 42.67 128.13 170.80 OK
r-patched-solaris-x86 2.1-0 227.00 OK
r-release-linux-x86_64 2.1-0 41.97 127.75 169.72 OK
r-release-macos-x86_64 2.1-0 OK
r-release-windows-ix86+x86_64 2.1-0 101.00 202.00 303.00 NOTE
r-oldrel-macos-x86_64 2.1-0 OK
r-oldrel-windows-ix86+x86_64 2.1-0 93.00 193.00 286.00 OK

Check Details

Version: 2.1-0
Check: installed package size
Result: NOTE
     installed size is 5.4Mb
     sub-directories of 1Mb or more:
     doc 1.0Mb
     libs 2.0Mb
Flavors: r-devel-windows-ix86+x86_64, r-release-windows-ix86+x86_64