CRAN Package Check Results for Package GMMAT

Last updated on 2022-01-26 00:49:52 CET.

Flavor Version Tinstall Tcheck Ttotal Status Flags
r-devel-linux-x86_64-debian-clang 1.3.2 85.84 562.28 648.12 OK
r-devel-linux-x86_64-debian-gcc 1.3.2 73.48 453.07 526.55 OK
r-devel-linux-x86_64-fedora-clang 1.3.2 767.27 NOTE
r-devel-linux-x86_64-fedora-gcc 1.3.2 786.45 OK
r-devel-windows-x86_64-new-UL 1.3.2 125.00 625.00 750.00 NOTE
r-devel-windows-x86_64-new-TK 1.3.2 NOTE
r-patched-linux-x86_64 1.3.2 74.04 522.61 596.65 OK
r-release-linux-x86_64 1.3.2 58.58 524.35 582.93 OK
r-release-macos-arm64 1.3.2 NOTE
r-release-macos-x86_64 1.3.2 NOTE
r-release-windows-ix86+x86_64 1.3.2 189.00 753.00 942.00 NOTE
r-oldrel-macos-x86_64 1.3.2 NOTE
r-oldrel-windows-ix86+x86_64 1.3.2 194.00 759.00 953.00 NOTE

Check Details

Version: 1.3.2
Check: installed package size
Result: NOTE
     installed size is 7.4Mb
     sub-directories of 1Mb or more:
     libs 5.5Mb
Flavors: r-devel-linux-x86_64-fedora-clang, r-release-macos-arm64, r-release-macos-x86_64, r-release-windows-ix86+x86_64, r-oldrel-macos-x86_64, r-oldrel-windows-ix86+x86_64

Version: 1.3.2
Check: package dependencies
Result: NOTE
    Package suggested but not available for checking: 'doMC'
Flavors: r-devel-windows-x86_64-new-UL, r-devel-windows-x86_64-new-TK, r-release-windows-ix86+x86_64, r-oldrel-windows-ix86+x86_64