CRAN Package Check Results for Package GMMBoost

Last updated on 2022-01-26 02:51:09 CET.

Flavor Version Tinstall Tcheck Ttotal Status Flags
r-devel-linux-x86_64-debian-clang 1.1.3 12.31 88.20 100.51 OK
r-devel-linux-x86_64-debian-gcc 1.1.3 10.74 66.32 77.06 OK
r-devel-linux-x86_64-fedora-clang 1.1.3 125.70 NOTE
r-devel-linux-x86_64-fedora-gcc 1.1.3 115.17 OK
r-devel-windows-x86_64-new-UL 1.1.3 51.00 99.00 150.00 OK
r-devel-windows-x86_64-new-TK 1.1.3 OK
r-patched-linux-x86_64 1.1.3 12.83 86.30 99.13 OK
r-release-linux-x86_64 1.1.3 16.96 84.90 101.86 OK
r-release-macos-arm64 1.1.3 OK
r-release-macos-x86_64 1.1.3 OK
r-release-windows-ix86+x86_64 1.1.3 24.00 95.00 119.00 OK
r-oldrel-macos-x86_64 1.1.3 OK
r-oldrel-windows-ix86+x86_64 1.1.3 24.00 93.00 117.00 OK

Check Details

Version: 1.1.3
Check: Rd cross-references
Result: NOTE
    Undeclared package ‘glmmLasso’ in Rd xrefs
Flavor: r-devel-linux-x86_64-fedora-clang