CRAN Package Check Results for Package GPArotation

Last updated on 2019-09-16 04:46:16 CEST.

Flavor Version Tinstall Tcheck Ttotal Status Flags
r-devel-linux-x86_64-debian-clang 2014.11-1 2.24 197.33 199.57 NOTE
r-devel-linux-x86_64-debian-gcc 2014.11-1 2.13 156.87 159.00 NOTE
r-devel-linux-x86_64-fedora-clang 2014.11-1 235.40 NOTE
r-devel-linux-x86_64-fedora-gcc 2014.11-1 236.59 NOTE
r-devel-windows-ix86+x86_64 2014.11-1 18.00 69.00 87.00 NOTE
r-patched-linux-x86_64 2014.11-1 2.00 202.02 204.02 NOTE
r-patched-solaris-x86 2014.11-1 67.60 NOTE
r-release-linux-x86_64 2014.11-1 2.14 199.70 201.84 NOTE
r-release-windows-ix86+x86_64 2014.11-1 6.00 81.00 87.00 NOTE
r-release-osx-x86_64 2014.11-1 NOTE
r-oldrel-windows-ix86+x86_64 2014.11-1 3.00 45.00 48.00 NOTE
r-oldrel-osx-x86_64 2014.11-1 NOTE

Check Details

Version: 2014.11-1
Check: R code for possible problems
Result: NOTE
    Random.Start: no visible global function definition for 'rnorm'
    Undefined global functions or variables:
     rnorm
    Consider adding
     importFrom("stats", "rnorm")
    to your NAMESPACE file.
Flavors: r-devel-linux-x86_64-debian-clang, r-devel-linux-x86_64-debian-gcc, r-devel-linux-x86_64-fedora-clang, r-devel-linux-x86_64-fedora-gcc, r-devel-windows-ix86+x86_64, r-patched-linux-x86_64, r-patched-solaris-x86, r-release-linux-x86_64, r-release-windows-ix86+x86_64, r-release-osx-x86_64, r-oldrel-windows-ix86+x86_64, r-oldrel-osx-x86_64