CRAN Package Check Results for Package GPArotation

Last updated on 2020-06-06 15:48:23 CEST.

Flavor Version Tinstall Tcheck Ttotal Status Flags
r-devel-linux-x86_64-debian-clang 2014.11-1 2.98 40.27 43.25 NOTE
r-devel-linux-x86_64-debian-gcc 2014.11-1 2.15 30.87 33.02 NOTE
r-devel-linux-x86_64-fedora-clang 2014.11-1 60.45 NOTE
r-devel-linux-x86_64-fedora-gcc 2014.11-1 299.65 NOTE
r-devel-windows-ix86+x86_64 2014.11-1 8.00 54.00 62.00 NOTE
r-patched-linux-x86_64 2014.11-1 2.74 39.49 42.23 NOTE
r-patched-solaris-x86 2014.11-1 71.90 NOTE
r-release-linux-x86_64 2014.11-1 2.69 39.41 42.10 NOTE
r-release-osx-x86_64 2014.11-1 NOTE
r-release-windows-ix86+x86_64 2014.11-1 5.00 51.00 56.00 NOTE
r-oldrel-osx-x86_64 2014.11-1 NOTE
r-oldrel-windows-ix86+x86_64 2014.11-1 6.00 81.00 87.00 NOTE

Check Details

Version: 2014.11-1
Check: R code for possible problems
Result: NOTE
    Random.Start: no visible global function definition for 'rnorm'
    Undefined global functions or variables:
     rnorm
    Consider adding
     importFrom("stats", "rnorm")
    to your NAMESPACE file.
Flavors: r-devel-linux-x86_64-debian-clang, r-devel-linux-x86_64-debian-gcc, r-devel-linux-x86_64-fedora-clang, r-devel-linux-x86_64-fedora-gcc, r-devel-windows-ix86+x86_64, r-patched-linux-x86_64, r-patched-solaris-x86, r-release-linux-x86_64, r-release-osx-x86_64, r-release-windows-ix86+x86_64, r-oldrel-osx-x86_64, r-oldrel-windows-ix86+x86_64