Last updated on 2023-03-24 23:52:08 CET.
Flavor | Version | Tinstall | Tcheck | Ttotal | Status | Flags |
---|---|---|---|---|---|---|
r-devel-linux-x86_64-debian-clang | 3.0.1 | 52.34 | 37.43 | 89.77 | NOTE | |
r-devel-linux-x86_64-debian-gcc | 3.0.1 | 37.15 | 28.89 | 66.04 | NOTE | |
r-devel-linux-x86_64-fedora-clang | 3.0.1 | 125.96 | NOTE | |||
r-devel-linux-x86_64-fedora-gcc | 3.0.1 | 112.56 | NOTE | |||
r-devel-windows-x86_64 | 3.0.1 | 50.00 | 88.00 | 138.00 | NOTE | |
r-patched-linux-x86_64 | 3.0.1 | 41.34 | 37.23 | 78.57 | OK | |
r-release-linux-x86_64 | 3.0.1 | 41.94 | 37.78 | 79.72 | OK | |
r-release-macos-arm64 | 3.0.1 | 35.00 | OK | |||
r-release-macos-x86_64 | 3.0.1 | 44.00 | OK | |||
r-release-windows-x86_64 | 3.0.1 | 48.00 | 92.00 | 140.00 | OK | |
r-oldrel-macos-arm64 | 3.0.1 | 38.00 | OK | |||
r-oldrel-macos-x86_64 | 3.0.1 | 63.00 | OK | |||
r-oldrel-windows-ix86+x86_64 | 3.0.1 | 123.00 | 90.00 | 213.00 | OK |
Version: 3.0.1
Check: C++ specification
Result: NOTE
Specified C++11: please drop specification unless essential
Flavors: r-devel-linux-x86_64-debian-clang, r-devel-linux-x86_64-debian-gcc, r-devel-linux-x86_64-fedora-clang, r-devel-linux-x86_64-fedora-gcc, r-devel-windows-x86_64