Last updated on 2023-12-09 10:49:42 CET.
Flavor | Version | Tinstall | Tcheck | Ttotal | Status | Flags |
---|---|---|---|---|---|---|
r-devel-linux-x86_64-debian-clang | 1.0.0 | 20.72 | 183.12 | 203.84 | NOTE | |
r-devel-linux-x86_64-debian-gcc | 1.0.0 | 14.40 | 138.77 | 153.17 | NOTE | |
r-devel-linux-x86_64-fedora-clang | 1.0.0 | 252.35 | NOTE | |||
r-devel-linux-x86_64-fedora-gcc | 1.0.0 | 250.40 | OK | |||
r-devel-windows-x86_64 | 1.0.0 | 18.00 | 142.00 | 160.00 | OK | |
r-patched-linux-x86_64 | 1.0.0 | 25.47 | 179.47 | 204.94 | OK | |
r-release-linux-x86_64 | 1.0.0 | 12.78 | 172.96 | 185.74 | OK | |
r-release-macos-arm64 | 1.0.0 | 76.00 | OK | |||
r-release-macos-x86_64 | 1.0.0 | 153.00 | OK | |||
r-release-windows-x86_64 | 1.0.0 | 23.00 | 179.00 | 202.00 | OK | |
r-oldrel-macos-arm64 | 1.0.0 | 64.00 | OK | |||
r-oldrel-macos-x86_64 | 1.0.0 | 103.00 | OK | |||
r-oldrel-windows-x86_64 | 1.0.0 | 23.00 | 191.00 | 214.00 | OK |
Version: 1.0.0
Check: Rd files
Result: NOTE
checkRd: (-1) runGRM.Rd:24: Lost braces
24 | from \code{\link{mirt}} or code{\linkS4class{lavaan}} from from
| ^
Flavors: r-devel-linux-x86_64-debian-clang, r-devel-linux-x86_64-debian-gcc
Version: 1.0.0
Check: package dependencies
Result: NOTE
Imports includes 21 non-default packages.
Importing from so many packages makes the package vulnerable to any of
them becoming unavailable. Move as many as possible to Suggests and
use conditionally.
Flavor: r-devel-linux-x86_64-fedora-clang