CRAN Package Check Results for Package GUIgems

Last updated on 2019-09-18 19:46:28 CEST.

Flavor Version Tinstall Tcheck Ttotal Status Flags
r-devel-linux-x86_64-debian-clang 0.1 14.36 68.77 83.13 OK
r-devel-linux-x86_64-debian-gcc 0.1 12.40 54.39 66.79 OK
r-devel-linux-x86_64-fedora-clang 0.1 99.69 NOTE
r-devel-linux-x86_64-fedora-gcc 0.1 100.52 NOTE
r-devel-windows-ix86+x86_64 0.1 33.00 109.00 142.00 OK
r-patched-linux-x86_64 0.1 13.07 68.49 81.56 OK
r-patched-solaris-x86 0.1 141.00 NOTE
r-release-linux-x86_64 0.1 14.22 68.98 83.20 OK
r-release-windows-ix86+x86_64 0.1 20.00 74.00 94.00 OK
r-release-osx-x86_64 0.1 ERROR
r-oldrel-windows-ix86+x86_64 0.1 14.00 75.00 89.00 OK
r-oldrel-osx-x86_64 0.1 ERROR

Check Details

Version: 0.1
Check: dependencies in R code
Result: NOTE
    Namespace in Imports field not imported from: ‘stringr’
     All declared Imports should be used.
Flavors: r-devel-linux-x86_64-fedora-clang, r-devel-linux-x86_64-fedora-gcc, r-patched-solaris-x86

Version: 0.1
Check: package dependencies
Result: ERROR
    Package required but not available: ‘rpanel’
    
    See section ‘The DESCRIPTION file’ in the ‘Writing R Extensions’
    manual.
Flavors: r-release-osx-x86_64, r-oldrel-osx-x86_64