CRAN Package Check Results for Package GWASinlps

Last updated on 2022-10-01 18:54:14 CEST.

Flavor Version Tinstall Tcheck Ttotal Status Flags
r-devel-linux-x86_64-debian-clang 2.1 30.61 88.41 119.02 OK
r-devel-linux-x86_64-debian-gcc 2.1 29.65 67.13 96.78 OK
r-devel-linux-x86_64-fedora-clang 2.1 176.29 OK
r-devel-linux-x86_64-fedora-gcc 2.1 162.75 OK
r-devel-windows-x86_64 2.1 34.00 128.00 162.00 OK
r-patched-linux-x86_64 2.1 24.12 83.23 107.35 NOTE
r-release-linux-x86_64 2.1 21.84 83.68 105.52 NOTE
r-release-macos-arm64 2.1 49.00 OK
r-release-macos-x86_64 2.1 65.00 OK
r-release-windows-x86_64 2.1 34.00 132.00 166.00 NOTE
r-oldrel-macos-arm64 2.1 45.00 OK
r-oldrel-macos-x86_64 2.1 64.00 OK
r-oldrel-windows-ix86+x86_64 2.1 65.00 17.00 82.00 ERROR

Check Details

Version: 2.1
Check: HTML version of manual
Result: NOTE
    Found the following problems:
    GWASinlps.Rd:164:1: Warning: trimming empty <h4>
Flavors: r-patched-linux-x86_64, r-release-linux-x86_64, r-release-windows-x86_64

Version: 2.1
Check: whether package can be installed
Result: ERROR
    Installation failed.
Flavor: r-oldrel-windows-ix86+x86_64