Last updated on 2022-06-30 14:53:24 CEST.
Flavor | Version | Tinstall | Tcheck | Ttotal | Status | Flags |
---|---|---|---|---|---|---|
r-devel-linux-x86_64-debian-clang | 2.2-9 | 102.82 | 420.75 | 523.57 | OK | |
r-devel-linux-x86_64-debian-gcc | 2.2-9 | 79.64 | 307.78 | 387.42 | OK | |
r-devel-linux-x86_64-fedora-clang | 2.2-9 | 644.33 | WARN | |||
r-devel-linux-x86_64-fedora-gcc | 2.2-9 | 631.87 | WARN | |||
r-devel-windows-x86_64 | 2.2-9 | 111.00 | 441.00 | 552.00 | OK | |
r-patched-linux-x86_64 | 2.2-9 | 85.99 | 400.44 | 486.43 | OK | |
r-release-linux-x86_64 | 2.2-9 | 85.16 | 402.21 | 487.37 | OK | |
r-release-macos-arm64 | 2.2-9 | 144.00 | NOTE | |||
r-release-macos-x86_64 | 2.2-9 | 192.00 | NOTE | |||
r-release-windows-x86_64 | 2.2-9 | 109.00 | 455.00 | 564.00 | OK | |
r-oldrel-macos-arm64 | 2.2-9 | 118.00 | NOTE | |||
r-oldrel-macos-x86_64 | 2.2-9 | 181.00 | NOTE | |||
r-oldrel-windows-ix86+x86_64 | 2.2-9 | 219.00 | 605.00 | 824.00 | NOTE |
Version: 2.2-9
Check: package dependencies
Result: WARN
Requires (indirectly) orphaned package: ‘gtools’
Flavors: r-devel-linux-x86_64-fedora-clang, r-devel-linux-x86_64-fedora-gcc
Version: 2.2-9
Check: installed package size
Result: NOTE
installed size is 5.5Mb
sub-directories of 1Mb or more:
data 1.5Mb
libs 3.2Mb
Flavors: r-devel-linux-x86_64-fedora-clang, r-release-macos-arm64, r-release-macos-x86_64, r-oldrel-macos-arm64, r-oldrel-macos-x86_64, r-oldrel-windows-ix86+x86_64