Last updated on 2023-03-24 21:59:52 CET.
Flavor | Version | Tinstall | Tcheck | Ttotal | Status | Flags |
---|---|---|---|---|---|---|
r-devel-linux-x86_64-debian-clang | 0.0.4 | 2.56 | 39.14 | 41.70 | NOTE | |
r-devel-linux-x86_64-debian-gcc | 0.0.4 | 2.77 | 30.18 | 32.95 | NOTE | |
r-devel-linux-x86_64-fedora-clang | 0.0.4 | 53.99 | NOTE | |||
r-devel-linux-x86_64-fedora-gcc | 0.0.4 | 51.54 | NOTE | |||
r-devel-windows-x86_64 | 0.0.4 | 11.00 | 75.00 | 86.00 | NOTE | |
r-patched-linux-x86_64 | 0.0.4 | 2.62 | 39.31 | 41.93 | NOTE | |
r-release-linux-x86_64 | 0.0.4 | 2.92 | 39.86 | 42.78 | NOTE | |
r-release-macos-arm64 | 0.0.4 | 61.00 | NOTE | |||
r-release-macos-x86_64 | 0.0.4 | 99.00 | NOTE | |||
r-release-windows-x86_64 | 0.0.4 | 11.00 | 79.00 | 90.00 | NOTE | |
r-oldrel-macos-arm64 | 0.0.4 | 42.00 | NOTE | |||
r-oldrel-macos-x86_64 | 0.0.4 | 68.00 | NOTE | |||
r-oldrel-windows-ix86+x86_64 | 0.0.4 | 9.00 | 68.00 | 77.00 | NOTE |
Version: 0.0.4
Check: LazyData
Result: NOTE
'LazyData' is specified without a 'data' directory
Flavors: r-devel-linux-x86_64-debian-clang, r-devel-linux-x86_64-debian-gcc, r-devel-linux-x86_64-fedora-clang, r-devel-linux-x86_64-fedora-gcc, r-devel-windows-x86_64, r-patched-linux-x86_64, r-release-linux-x86_64, r-release-macos-arm64, r-release-macos-x86_64, r-release-windows-x86_64, r-oldrel-macos-arm64, r-oldrel-macos-x86_64, r-oldrel-windows-ix86+x86_64
Version: 0.0.4
Check: dependencies in R code
Result: NOTE
Namespace in Imports field not imported from: ‘sf’
All declared Imports should be used.
Flavors: r-devel-linux-x86_64-fedora-clang, r-devel-linux-x86_64-fedora-gcc, r-release-macos-arm64, r-release-macos-x86_64, r-oldrel-macos-arm64, r-oldrel-macos-x86_64