CRAN Package Check Results for Package GaMaBioMD

Last updated on 2024-06-13 15:48:22 CEST.

Flavor Version Tinstall Tcheck Ttotal Status Flags
r-devel-linux-x86_64-debian-clang 0.2.0 18.74 179.66 198.40 OK
r-devel-linux-x86_64-debian-gcc 0.2.0 0.36 1.78 2.14 ERROR
r-devel-linux-x86_64-fedora-clang 0.2.0 274.72 OK
r-devel-linux-x86_64-fedora-gcc 0.2.0 253.08 OK
r-devel-windows-x86_64 0.2.0 20.00 136.00 156.00 OK
r-patched-linux-x86_64 0.2.0 17.51 177.57 195.08 OK
r-release-linux-x86_64 0.2.0 18.53 176.87 195.40 OK
r-release-macos-arm64 0.2.0 68.00 OK
r-release-macos-x86_64 0.2.0 98.00 OK
r-release-windows-x86_64 0.2.0 19.00 139.00 158.00 OK
r-oldrel-macos-arm64 0.2.0 69.00 OK
r-oldrel-macos-x86_64 0.2.0 133.00 OK
r-oldrel-windows-x86_64 0.2.0 27.00 181.00 208.00 OK

Check Details

Version: 0.2.0
Check: package dependencies
Result: ERROR Packages required but not available: 'traits', 'dplyr', 'ggplot2', 'heatmaply', 'reshape2', 'dendextend' See section ‘The DESCRIPTION file’ in the ‘Writing R Extensions’ manual. Flavor: r-devel-linux-x86_64-debian-gcc