CRAN Package Check Results for Package GenEst

Last updated on 2020-12-05 03:51:26 CET.

Flavor Version Tinstall Tcheck Ttotal Status Flags
r-devel-linux-x86_64-debian-clang 1.4.5 39.06 247.19 286.25 OK
r-devel-linux-x86_64-debian-gcc 1.4.5 29.69 182.74 212.43 OK
r-devel-linux-x86_64-fedora-clang 1.4.5 352.00 NOTE
r-devel-linux-x86_64-fedora-gcc 1.4.5 340.06 NOTE
r-devel-windows-ix86+x86_64 1.4.5 78.00 372.00 450.00 OK
r-patched-linux-x86_64 1.4.5 32.46 242.37 274.83 OK
r-patched-solaris-x86 1.4.5 405.20 NOTE
r-release-linux-x86_64 1.4.5 33.26 242.39 275.65 OK
r-release-macos-x86_64 1.4.5 NOTE
r-release-windows-ix86+x86_64 1.4.5 64.00 295.00 359.00 OK
r-oldrel-macos-x86_64 1.4.5 NOTE
r-oldrel-windows-ix86+x86_64 1.4.5 70.00 362.00 432.00 OK

Check Details

Version: 1.4.5
Check: dependencies in R code
Result: NOTE
    Namespace in Imports field not imported from: ‘htmlwidgets’
     All declared Imports should be used.
Flavors: r-devel-linux-x86_64-fedora-clang, r-devel-linux-x86_64-fedora-gcc, r-patched-solaris-x86, r-release-macos-x86_64, r-oldrel-macos-x86_64