CRAN Package Check Results for Package GenForImp

Last updated on 2022-01-26 04:52:39 CET.

Flavor Version Tinstall Tcheck Ttotal Status Flags
r-devel-linux-x86_64-debian-clang 1.0 3.56 46.63 50.19 NOTE
r-devel-linux-x86_64-debian-gcc 1.0 3.10 36.12 39.22 NOTE
r-devel-linux-x86_64-fedora-clang 1.0 62.13 NOTE
r-devel-linux-x86_64-fedora-gcc 1.0 52.11 NOTE
r-devel-windows-x86_64-new-UL 1.0 26.00 67.00 93.00 NOTE
r-devel-windows-x86_64-new-TK 1.0 NOTE
r-patched-linux-x86_64 1.0 4.17 44.04 48.21 NOTE
r-release-linux-x86_64 1.0 2.83 44.11 46.94 NOTE
r-release-macos-arm64 1.0 NOTE
r-release-macos-x86_64 1.0 NOTE
r-release-windows-ix86+x86_64 1.0 9.00 58.00 67.00 NOTE
r-oldrel-macos-x86_64 1.0 NOTE
r-oldrel-windows-ix86+x86_64 1.0 9.00 56.00 65.00 NOTE

Check Details

Version: 1.0
Check: R code for possible problems
Result: NOTE
    ForImp.Mahala: no visible global function definition for 'combn'
    ForImp.Mahala: no visible global function definition for 'var'
    ForImp.Mahala: no visible global function definition for 'quantile'
    ForImp.Mahala : <anonymous>: no visible global function definition for
     'var'
    ForImp.Mahala : <anonymous> : <anonymous>: no visible global function
     definition for 'var'
    ForImp.Mahala : <anonymous> : <anonymous>: no visible global function
     definition for 'quantile'
    ForImp.PCA: no visible global function definition for 'cov'
    ForImp.PCA: no visible global function definition for 'princomp'
    ForImp.PCA: no visible global function definition for 'combn'
    ForImp.PCA: no visible global function definition for 'quantile'
    ForImp.PCA : <anonymous> : <anonymous>: no visible global function
     definition for 'quantile'
    Undefined global functions or variables:
     combn cov princomp quantile var
    Consider adding
     importFrom("stats", "cov", "princomp", "quantile", "var")
     importFrom("utils", "combn")
    to your NAMESPACE file.
Flavors: r-devel-linux-x86_64-debian-clang, r-devel-linux-x86_64-debian-gcc, r-devel-linux-x86_64-fedora-clang, r-devel-linux-x86_64-fedora-gcc, r-devel-windows-x86_64-new-UL, r-devel-windows-x86_64-new-TK, r-patched-linux-x86_64, r-release-linux-x86_64, r-release-macos-arm64, r-release-macos-x86_64, r-release-windows-ix86+x86_64, r-oldrel-macos-x86_64, r-oldrel-windows-ix86+x86_64