CRAN Package Check Results for Package GeoAdjust

Last updated on 2024-07-17 11:31:49 CEST.

Flavor Version Tinstall Tcheck Ttotal Status Flags
r-devel-linux-x86_64-debian-clang 2.0.0 99.60 68.18 167.78 OK
r-devel-linux-x86_64-debian-gcc 2.0.0 98.55 49.60 148.15 OK
r-devel-linux-x86_64-fedora-clang 2.0.0 201.49 OK
r-devel-linux-x86_64-fedora-gcc 2.0.0 286.42 OK
r-devel-windows-x86_64 2.0.0 79.00 92.00 171.00 NOTE
r-patched-linux-x86_64 2.0.0 83.17 64.78 147.95 OK
r-release-linux-x86_64 2.0.0 88.94 66.56 155.50 OK
r-release-macos-arm64 2.0.0 61.00 NOTE
r-release-macos-x86_64 2.0.0 104.00 NOTE
r-release-windows-x86_64 2.0.0 83.00 91.00 174.00 NOTE
r-oldrel-macos-arm64 2.0.0 59.00 NOTE
r-oldrel-macos-x86_64 2.0.0 137.00 NOTE
r-oldrel-windows-x86_64 2.0.0 112.00 112.00 224.00 NOTE

Check Details

Version: 2.0.0
Check: installed package size
Result: NOTE installed size is 13.5Mb sub-directories of 1Mb or more: libs 12.8Mb Flavors: r-devel-windows-x86_64, r-release-macos-arm64, r-release-macos-x86_64, r-release-windows-x86_64, r-oldrel-macos-arm64, r-oldrel-macos-x86_64, r-oldrel-windows-x86_64