Last updated on 2023-11-30 07:52:35 CET.
Flavor | Version | Tinstall | Tcheck | Ttotal | Status | Flags |
---|---|---|---|---|---|---|
r-devel-linux-x86_64-debian-clang | 2.0.0 | 103.64 | 64.13 | 167.77 | OK | |
r-devel-linux-x86_64-debian-gcc | 2.0.0 | 80.03 | 48.22 | 128.25 | OK | |
r-devel-linux-x86_64-fedora-clang | 2.0.0 | 213.74 | OK | |||
r-devel-linux-x86_64-fedora-gcc | 2.0.0 | 258.57 | OK | |||
r-devel-windows-x86_64 | 2.0.0 | 66.00 | 90.00 | 156.00 | NOTE | |
r-patched-linux-x86_64 | 2.0.0 | 78.06 | 63.11 | 141.17 | OK | |
r-release-linux-x86_64 | 2.0.0 | 69.59 | 62.38 | 131.97 | OK | |
r-release-macos-arm64 | 2.0.0 | 59.00 | NOTE | |||
r-release-macos-x86_64 | 2.0.0 | 137.00 | NOTE | |||
r-release-windows-x86_64 | 2.0.0 | 90.00 | 103.00 | 193.00 | NOTE | |
r-oldrel-macos-arm64 | 2.0.0 | 56.00 | NOTE | |||
r-oldrel-macos-x86_64 | 2.0.0 | 81.00 | NOTE | |||
r-oldrel-windows-x86_64 | 2.0.0 | 81.00 | 101.00 | 182.00 | NOTE |
Version: 2.0.0
Check: installed package size
Result: NOTE
installed size is 13.5Mb
sub-directories of 1Mb or more:
libs 12.9Mb
Flavors: r-devel-windows-x86_64, r-release-macos-arm64, r-release-macos-x86_64, r-release-windows-x86_64, r-oldrel-macos-arm64, r-oldrel-macos-x86_64, r-oldrel-windows-x86_64