Last updated on 2022-06-30 11:53:08 CEST.
Flavor | Version | Tinstall | Tcheck | Ttotal | Status | Flags |
---|---|---|---|---|---|---|
r-devel-linux-x86_64-debian-clang | 1.0.3 | 503.10 | 157.88 | 660.98 | NOTE | |
r-devel-linux-x86_64-debian-gcc | 1.0.3 | 512.01 | 132.29 | 644.30 | NOTE | |
r-devel-linux-x86_64-fedora-clang | 1.0.3 | 982.35 | NOTE | |||
r-devel-linux-x86_64-fedora-gcc | 1.0.3 | 1052.74 | NOTE | |||
r-devel-windows-x86_64 | 1.0.3 | 1107.00 | 273.00 | 1380.00 | NOTE | |
r-patched-linux-x86_64 | 1.0.3 | 517.77 | 174.63 | 692.40 | NOTE | |
r-release-linux-x86_64 | 1.0.3 | 523.01 | 179.17 | 702.18 | NOTE | |
r-release-macos-arm64 | 1.0.3 | 251.00 | NOTE | |||
r-release-macos-x86_64 | 1.0.3 | 303.00 | NOTE | |||
r-release-windows-x86_64 | 1.0.3 | 690.00 | 257.00 | 947.00 | NOTE | |
r-oldrel-macos-arm64 | 1.0.3 | 236.00 | NOTE | |||
r-oldrel-macos-x86_64 | 1.0.3 | 316.00 | NOTE | |||
r-oldrel-windows-ix86+x86_64 | 1.0.3 | 1228.00 | 262.00 | 1490.00 | NOTE |
Version: 1.0.3
Check: for GNU extensions in Makefiles
Result: NOTE
GNU make is a SystemRequirements.
Flavors: r-devel-linux-x86_64-debian-clang, r-devel-linux-x86_64-debian-gcc, r-devel-linux-x86_64-fedora-clang, r-devel-linux-x86_64-fedora-gcc, r-devel-windows-x86_64, r-patched-linux-x86_64, r-release-linux-x86_64, r-release-macos-arm64, r-release-macos-x86_64, r-release-windows-x86_64, r-oldrel-macos-arm64, r-oldrel-macos-x86_64, r-oldrel-windows-ix86+x86_64
Version: 1.0.3
Check: installed package size
Result: NOTE
installed size is 75.8Mb
sub-directories of 1Mb or more:
R 1.0Mb
libs 74.4Mb
Flavors: r-devel-linux-x86_64-fedora-clang, r-devel-windows-x86_64, r-release-macos-arm64, r-release-macos-x86_64, r-release-windows-x86_64, r-oldrel-macos-arm64, r-oldrel-macos-x86_64, r-oldrel-windows-ix86+x86_64