CRAN Package Check Results for Package GlarmaVarSel

Last updated on 2022-01-28 15:53:13 CET.

Flavor Version Tinstall Tcheck Ttotal Status Flags
r-devel-linux-x86_64-debian-clang 1.0 9.76 143.89 153.65 OK
r-devel-linux-x86_64-debian-gcc 1.0 8.69 107.65 116.34 OK
r-devel-linux-x86_64-fedora-clang 1.0 165.68 OK
r-devel-linux-x86_64-fedora-gcc 1.0 165.77 OK
r-devel-windows-x86_64-new-UL 1.0 33.00 164.00 197.00 NOTE
r-devel-windows-x86_64-new-TK 1.0 NOTE
r-patched-linux-x86_64 1.0 7.89 125.99 133.88 OK
r-release-linux-x86_64 1.0 9.63 127.21 136.84 OK
r-release-macos-arm64 1.0 OK
r-release-macos-x86_64 1.0 OK
r-release-windows-ix86+x86_64 1.0 23.00 144.00 167.00 NOTE
r-oldrel-macos-x86_64 1.0 OK
r-oldrel-windows-ix86+x86_64 1.0 24.00 149.00 173.00 NOTE

Check Details

Version: 1.0
Check: package dependencies
Result: NOTE
    Package suggested but not available for checking: 'doMC'
Flavors: r-devel-windows-x86_64-new-UL, r-devel-windows-x86_64-new-TK, r-release-windows-ix86+x86_64, r-oldrel-windows-ix86+x86_64