Last updated on 2023-03-29 19:53:23 CEST.
Flavor | Version | Tinstall | Tcheck | Ttotal | Status | Flags |
---|---|---|---|---|---|---|
r-devel-linux-x86_64-debian-clang | 0.92 | 11.87 | 104.18 | 116.05 | OK | |
r-devel-linux-x86_64-debian-gcc | 0.92 | 9.17 | 77.81 | 86.98 | OK | |
r-devel-linux-x86_64-fedora-clang | 0.92 | 142.80 | NOTE | |||
r-devel-linux-x86_64-fedora-gcc | 0.92 | 135.18 | OK | |||
r-devel-windows-x86_64 | 0.92 | 23.00 | 0.00 | 23.00 | OK | |
r-patched-linux-x86_64 | 0.92 | 11.93 | 99.05 | 110.98 | OK | |
r-release-linux-x86_64 | 0.92 | 11.39 | 98.37 | 109.76 | OK | |
r-release-macos-arm64 | 0.92 | 40.00 | OK | |||
r-release-macos-x86_64 | 0.92 | 75.00 | OK | |||
r-release-windows-x86_64 | 0.92 | 16.00 | 126.00 | 142.00 | OK | |
r-oldrel-macos-arm64 | 0.92 | 44.00 | OK | |||
r-oldrel-macos-x86_64 | 0.92 | 56.00 | OK | |||
r-oldrel-windows-ix86+x86_64 | 0.92 | 27.00 | 124.00 | 151.00 | OK |
Version: 0.92
Check: Rd cross-references
Result: NOTE
Undeclared package ‘goftest’ in Rd xrefs
Flavor: r-devel-linux-x86_64-fedora-clang