CRAN Package Check Results for Package Grace

Last updated on 2022-06-25 02:52:17 CEST.

Flavor Version Tinstall Tcheck Ttotal Status Flags
r-devel-linux-x86_64-debian-clang 0.5.3 7.88 80.11 87.99 NOTE
r-devel-linux-x86_64-debian-gcc 0.5.3 6.36 60.86 67.22 NOTE
r-devel-linux-x86_64-fedora-clang 0.5.3 121.37 NOTE
r-devel-linux-x86_64-fedora-gcc 0.5.3 115.31 NOTE
r-devel-windows-x86_64 0.5.3 11.00 117.00 128.00 NOTE
r-patched-linux-x86_64 0.5.3 9.09 76.62 85.71 NOTE
r-release-linux-x86_64 0.5.3 9.08 77.77 86.85 NOTE
r-release-macos-arm64 0.5.3 33.00 NOTE
r-release-macos-x86_64 0.5.3 48.00 NOTE
r-release-windows-x86_64 0.5.3 13.00 113.00 126.00 NOTE
r-oldrel-macos-arm64 0.5.3 41.00 NOTE
r-oldrel-macos-x86_64 0.5.3 49.00 NOTE
r-oldrel-windows-ix86+x86_64 0.5.3 19.00 96.00 115.00 NOTE

Check Details

Version: 0.5.3
Check: LazyData
Result: NOTE
     'LazyData' is specified without a 'data' directory
Flavors: r-devel-linux-x86_64-debian-clang, r-devel-linux-x86_64-debian-gcc, r-devel-linux-x86_64-fedora-clang, r-devel-linux-x86_64-fedora-gcc, r-devel-windows-x86_64, r-patched-linux-x86_64, r-release-linux-x86_64, r-release-macos-arm64, r-release-macos-x86_64, r-release-windows-x86_64, r-oldrel-macos-arm64, r-oldrel-macos-x86_64, r-oldrel-windows-ix86+x86_64