CRAN Package Check Results for Package GrpString

Last updated on 2020-02-19 21:46:36 CET.

Flavor Version Tinstall Tcheck Ttotal Status Flags
r-devel-linux-x86_64-debian-clang 0.3.2 3.06 35.33 38.39 NOTE
r-devel-linux-x86_64-debian-gcc 0.3.2 2.63 27.78 30.41 NOTE
r-devel-linux-x86_64-fedora-clang 0.3.2 48.11 NOTE
r-devel-linux-x86_64-fedora-gcc 0.3.2 48.69 NOTE
r-devel-windows-ix86+x86_64 0.3.2 6.00 47.00 53.00 OK
r-devel-windows-ix86+x86_64-gcc8 0.3.2 8.00 68.00 76.00 OK
r-patched-linux-x86_64 0.3.2 2.35 33.07 35.42 OK
r-patched-solaris-x86 0.3.2 65.50 NOTE
r-release-linux-x86_64 0.3.2 2.40 33.29 35.69 OK
r-release-windows-ix86+x86_64 0.3.2 5.00 46.00 51.00 OK
r-release-osx-x86_64 0.3.2 NOTE
r-oldrel-windows-ix86+x86_64 0.3.2 3.00 43.00 46.00 OK
r-oldrel-osx-x86_64 0.3.2 NOTE

Check Details

Version: 0.3.2
Check: for non-standard things in the check directory
Result: NOTE
    Found the following files/directories:
     'p1_20up-vs-p2_25up_in_str1.txt' 'p1_20up-vs-p2_25up_in_str2.txt'
     'p2_25up-vs-p1_20up_in_str1.txt' 'p2_25up-vs-p1_20up_in_str2.txt'
     's0_20up.txt' 's0_30up.txt' 's0_f2up.txt' 'strs.vec_01mx.txt'
     'strs.vec_02mx.txt' 'strs.vec_03mx.txt' 'strs.vec_04mx.txt'
     'strs.vec_05mx.txt' 'strs.vec_06mx.txt' 'strs.vec_30up.txt'
     'strs.vec_50up.txt' 'strs.vec_f2up.txt' 'uni_p1_20up-p2_25up.txt'
Flavors: r-devel-linux-x86_64-debian-clang, r-devel-linux-x86_64-debian-gcc, r-devel-linux-x86_64-fedora-clang, r-devel-linux-x86_64-fedora-gcc

Version: 0.3.2
Check: dependencies in R code
Result: NOTE
    Namespace in Imports field not imported from: ‘Rcpp’
     All declared Imports should be used.
Flavors: r-devel-linux-x86_64-fedora-clang, r-devel-linux-x86_64-fedora-gcc, r-patched-solaris-x86, r-release-osx-x86_64, r-oldrel-osx-x86_64