CRAN Package Check Results for Package GrpString

Last updated on 2019-09-23 05:46:54 CEST.

Flavor Version Tinstall Tcheck Ttotal Status Flags
r-devel-linux-x86_64-debian-clang 0.3.2 2.99 33.54 36.53 NOTE
r-devel-linux-x86_64-debian-gcc 0.3.2 2.40 26.09 28.49 NOTE
r-devel-linux-x86_64-fedora-clang 0.3.2 43.16 NOTE
r-devel-linux-x86_64-fedora-gcc 0.3.2 44.20 NOTE
r-devel-windows-ix86+x86_64 0.3.2 9.00 64.00 73.00 OK
r-patched-linux-x86_64 0.3.2 2.79 32.93 35.72 OK
r-patched-solaris-x86 0.3.2 64.50 NOTE
r-release-linux-x86_64 0.3.2 2.75 33.42 36.17 OK
r-release-windows-ix86+x86_64 0.3.2 8.00 72.00 80.00 OK
r-release-osx-x86_64 0.3.2 NOTE
r-oldrel-windows-ix86+x86_64 0.3.2 3.00 42.00 45.00 OK
r-oldrel-osx-x86_64 0.3.2 NOTE

Check Details

Version: 0.3.2
Check: for non-standard things in the check directory
Result: NOTE
    Found the following files/directories:
     'p1_20up-vs-p2_25up_in_str1.txt' 'p1_20up-vs-p2_25up_in_str2.txt'
     'p2_25up-vs-p1_20up_in_str1.txt' 'p2_25up-vs-p1_20up_in_str2.txt'
     's0_20up.txt' 's0_30up.txt' 's0_f2up.txt' 'strs.vec_01mx.txt'
     'strs.vec_02mx.txt' 'strs.vec_03mx.txt' 'strs.vec_04mx.txt'
     'strs.vec_05mx.txt' 'strs.vec_06mx.txt' 'strs.vec_30up.txt'
     'strs.vec_50up.txt' 'strs.vec_f2up.txt' 'uni_p1_20up-p2_25up.txt'
Flavors: r-devel-linux-x86_64-debian-clang, r-devel-linux-x86_64-debian-gcc, r-devel-linux-x86_64-fedora-clang, r-devel-linux-x86_64-fedora-gcc

Version: 0.3.2
Check: dependencies in R code
Result: NOTE
    Namespace in Imports field not imported from: ‘Rcpp’
     All declared Imports should be used.
Flavors: r-devel-linux-x86_64-fedora-clang, r-devel-linux-x86_64-fedora-gcc, r-patched-solaris-x86, r-release-osx-x86_64, r-oldrel-osx-x86_64