CRAN Package Check Results for Package GuessCompx

Last updated on 2020-12-05 05:48:15 CET.

Flavor Version Tinstall Tcheck Ttotal Status Flags
r-devel-linux-x86_64-debian-clang 1.0.3 7.30 108.42 115.72 NOTE
r-devel-linux-x86_64-debian-gcc 1.0.3 5.90 90.62 96.52 NOTE
r-devel-linux-x86_64-fedora-clang 1.0.3 138.04 OK
r-devel-linux-x86_64-fedora-gcc 1.0.3 135.81 OK
r-devel-windows-ix86+x86_64 1.0.3 15.00 139.00 154.00 NOTE
r-patched-linux-x86_64 1.0.3 7.53 104.15 111.68 NOTE
r-patched-solaris-x86 1.0.3 179.70 OK
r-release-linux-x86_64 1.0.3 6.78 104.94 111.72 NOTE
r-release-macos-x86_64 1.0.3 OK
r-release-windows-ix86+x86_64 1.0.3 13.00 110.00 123.00 NOTE
r-oldrel-macos-x86_64 1.0.3 OK
r-oldrel-windows-ix86+x86_64 1.0.3 12.00 137.00 149.00 OK

Check Details

Version: 1.0.3
Check: package vignettes
Result: NOTE
    Package vignette with placeholder title 'Vignette Title':
     'GuessCompx.Rmd'
Flavors: r-devel-linux-x86_64-debian-clang, r-devel-linux-x86_64-debian-gcc, r-devel-windows-ix86+x86_64, r-patched-linux-x86_64, r-release-linux-x86_64, r-release-windows-ix86+x86_64