CRAN Package Check Results for Package HCT

Last updated on 2024-07-20 05:49:37 CEST.

Flavor Version Tinstall Tcheck Ttotal Status Flags
r-devel-linux-x86_64-debian-clang 0.1.3 32.65 133.92 166.57 OK
r-devel-linux-x86_64-debian-gcc 0.1.3 27.63 103.49 131.12 OK
r-devel-linux-x86_64-fedora-clang 0.1.3 232.24 NOTE
r-devel-linux-x86_64-fedora-gcc 0.1.3 215.80 OK
r-devel-windows-x86_64 0.1.3 23.00 99.00 122.00 NOTE
r-patched-linux-x86_64 0.1.3 27.62 132.78 160.40 OK
r-release-linux-x86_64 0.1.3 25.73 132.03 157.76 OK
r-release-macos-arm64 0.1.3 55.00 NOTE
r-release-macos-x86_64 0.1.3 128.00 NOTE
r-release-windows-x86_64 0.1.3 24.00 101.00 125.00 NOTE
r-oldrel-macos-arm64 0.1.3 44.00 NOTE
r-oldrel-macos-x86_64 0.1.3 68.00 NOTE
r-oldrel-windows-x86_64 0.1.3 31.00 122.00 153.00 NOTE

Check Details

Version: 0.1.3
Check: installed package size
Result: NOTE installed size is 6.4Mb sub-directories of 1Mb or more: data 6.3Mb Flavors: r-devel-linux-x86_64-fedora-clang, r-devel-windows-x86_64, r-release-macos-arm64, r-release-macos-x86_64, r-release-windows-x86_64, r-oldrel-macos-arm64, r-oldrel-macos-x86_64, r-oldrel-windows-x86_64