CRAN Package Check Results for Package HDBRR

Last updated on 2024-02-21 02:52:16 CET.

Flavor Version Tinstall Tcheck Ttotal Status Flags
r-devel-linux-x86_64-debian-clang 1.1.4 NOTE
r-devel-linux-x86_64-debian-gcc 1.1.4 7.44 57.80 65.24 NOTE
r-devel-linux-x86_64-fedora-clang 1.1.4 109.19 OK
r-devel-linux-x86_64-fedora-gcc 1.1.4 114.42 OK
r-devel-windows-x86_64 1.1.4 8.00 102.00 110.00 OK
r-patched-linux-x86_64 1.1.4 6.48 73.42 79.90 OK
r-release-linux-x86_64 1.1.4 6.01 74.67 80.68 OK
r-release-macos-arm64 1.1.4 44.00 OK
r-release-macos-x86_64 1.1.4 68.00 OK
r-release-windows-x86_64 1.1.4 12.00 103.00 115.00 OK
r-oldrel-macos-arm64 1.1.4 39.00 OK
r-oldrel-windows-x86_64 1.1.4 11.00 106.00 117.00 OK

Check Details

Version: 1.1.4
Check: Rd files
Result: NOTE checkRd: (-1) phenowheat.Rd:18: Lost braces in \enumerate; meant \describe ? checkRd: (-1) phenowheat.Rd:19: Lost braces in \enumerate; meant \describe ? Flavors: r-devel-linux-x86_64-debian-clang, r-devel-linux-x86_64-debian-gcc