CRAN Package Check Results for Package HDGLM

Last updated on 2020-02-17 17:52:10 CET.

Flavor Version Tinstall Tcheck Ttotal Status Flags
r-devel-linux-x86_64-debian-clang 0.1 2.61 18.37 20.98 OK
r-devel-linux-x86_64-debian-gcc 0.1 2.02 14.66 16.68 OK
r-devel-linux-x86_64-fedora-clang 0.1 26.34 NOTE
r-devel-linux-x86_64-fedora-gcc 0.1 25.33 NOTE
r-devel-windows-ix86+x86_64 0.1 9.00 34.00 43.00 OK
r-devel-windows-ix86+x86_64-gcc8 0.1 11.00 47.00 58.00 OK
r-patched-linux-x86_64 0.1 1.86 16.94 18.80 OK
r-patched-solaris-x86 0.1 38.70 OK
r-release-linux-x86_64 0.1 1.95 17.14 19.09 OK
r-release-windows-ix86+x86_64 0.1 9.00 57.00 66.00 OK
r-release-osx-x86_64 0.1 OK
r-oldrel-windows-ix86+x86_64 0.1 6.00 31.00 37.00 OK
r-oldrel-osx-x86_64 0.1 OK

Check Details

Version: 0.1
Check: compiled code
Result: NOTE
    File ‘HDGLM/libs/HDGLM.so’:
     Found no calls to: ‘R_registerRoutines’, ‘R_useDynamicSymbols’
    
    It is good practice to register native routines and to disable symbol
    search.
    
    See ‘Writing portable packages’ in the ‘Writing R Extensions’ manual.
Flavors: r-devel-linux-x86_64-fedora-clang, r-devel-linux-x86_64-fedora-gcc