CRAN Package Check Results for Package HDGLM

Last updated on 2019-09-17 06:48:27 CEST.

Flavor Version Tinstall Tcheck Ttotal Status Flags
r-devel-linux-x86_64-debian-clang 0.1 2.39 17.17 19.56 OK
r-devel-linux-x86_64-debian-gcc 0.1 OK
r-devel-linux-x86_64-fedora-clang 0.1 24.38 NOTE
r-devel-linux-x86_64-fedora-gcc 0.1 23.72 NOTE
r-devel-windows-ix86+x86_64 0.1 13.00 47.00 60.00 OK
r-patched-linux-x86_64 0.1 1.73 17.04 18.77 OK
r-patched-solaris-x86 0.1 37.10 OK
r-release-linux-x86_64 0.1 2.21 17.57 19.78 OK
r-release-windows-ix86+x86_64 0.1 9.00 57.00 66.00 OK
r-release-osx-x86_64 0.1 OK
r-oldrel-windows-ix86+x86_64 0.1 6.00 31.00 37.00 OK
r-oldrel-osx-x86_64 0.1 OK

Check Details

Version: 0.1
Check: compiled code
Result: NOTE
    File ‘HDGLM/libs/HDGLM.so’:
     Found no calls to: ‘R_registerRoutines’, ‘R_useDynamicSymbols’
    
    It is good practice to register native routines and to disable symbol
    search.
    
    See ‘Writing portable packages’ in the ‘Writing R Extensions’ manual.
Flavors: r-devel-linux-x86_64-fedora-clang, r-devel-linux-x86_64-fedora-gcc