CRAN Package Check Results for Package HDMT

Last updated on 2019-09-15 05:46:16 CEST.

Flavor Version Tinstall Tcheck Ttotal Status Flags
r-devel-linux-x86_64-debian-clang 1.0 10.64 118.46 129.10 OK
r-devel-linux-x86_64-debian-gcc 1.0 8.44 91.21 99.65 OK
r-devel-linux-x86_64-fedora-clang 1.0 153.98 OK
r-devel-linux-x86_64-fedora-gcc 1.0 147.10 OK
r-devel-windows-ix86+x86_64 1.0 35.00 173.00 208.00 OK
r-patched-linux-x86_64 1.0 11.26 111.57 122.83 OK
r-patched-solaris-x86 1.0 226.10 OK
r-release-linux-x86_64 1.0 9.48 111.89 121.37 OK
r-release-windows-ix86+x86_64 1.0 22.00 184.00 206.00 OK
r-release-osx-x86_64 1.0 ERROR
r-oldrel-windows-ix86+x86_64 1.0 22.00 125.00 147.00 OK
r-oldrel-osx-x86_64 1.0 OK

Check Details

Version: 1.0
Check: package dependencies
Result: ERROR
    Package required but not available: ‘cp4p’
    
    See section ‘The DESCRIPTION file’ in the ‘Writing R Extensions’
    manual.
Flavor: r-release-osx-x86_64