CRAN Package Check Results for Package HDTSA

Last updated on 2022-01-25 18:51:43 CET.

Flavor Version Tinstall Tcheck Ttotal Status Flags
r-devel-linux-x86_64-debian-clang 1.0.1 87.89 46.04 133.93 OK
r-devel-linux-x86_64-debian-gcc 1.0.1 76.31 42.38 118.69 OK
r-devel-linux-x86_64-fedora-clang 1.0.1 196.50 NOTE
r-devel-linux-x86_64-fedora-gcc 1.0.1 183.62 OK
r-devel-windows-x86_64-new-UL 1.0.1 73.00 91.00 164.00 OK
r-devel-windows-x86_64-new-TK 1.0.1 OK
r-patched-linux-x86_64 1.0.1 83.50 47.74 131.24 OK
r-release-linux-x86_64 1.0.1 89.77 47.08 136.85 OK
r-release-macos-arm64 1.0.1 NOTE
r-release-macos-x86_64 1.0.1 NOTE
r-release-windows-ix86+x86_64 1.0.1 206.00 89.00 295.00 OK
r-oldrel-macos-x86_64 1.0.1 NOTE
r-oldrel-windows-ix86+x86_64 1.0.1 208.00 91.00 299.00 OK

Check Details

Version: 1.0.1
Check: installed package size
Result: NOTE
     installed size is 20.7Mb
     sub-directories of 1Mb or more:
     libs 20.5Mb
Flavors: r-devel-linux-x86_64-fedora-clang, r-release-macos-arm64, r-release-macos-x86_64, r-oldrel-macos-x86_64