CRAN Package Check Results for Package HDtweedie

Last updated on 2022-01-26 04:52:40 CET.

Flavor Version Tinstall Tcheck Ttotal Status Flags
r-devel-linux-x86_64-debian-clang 1.1 5.43 69.69 75.12 NOTE
r-devel-linux-x86_64-debian-gcc 1.1 3.68 52.36 56.04 NOTE
r-devel-linux-x86_64-fedora-clang 1.1 88.18 NOTE
r-devel-linux-x86_64-fedora-gcc 1.1 77.82 NOTE
r-devel-windows-x86_64-new-UL 1.1 39.00 89.00 128.00 NOTE
r-devel-windows-x86_64-new-TK 1.1 NOTE
r-patched-linux-x86_64 1.1 4.05 66.20 70.25 NOTE
r-release-linux-x86_64 1.1 4.10 64.48 68.58 NOTE
r-release-macos-arm64 1.1 NOTE
r-release-macos-x86_64 1.1 NOTE
r-release-windows-ix86+x86_64 1.1 12.00 127.00 139.00 NOTE
r-oldrel-macos-x86_64 1.1 NOTE
r-oldrel-windows-ix86+x86_64 1.1 9.00 128.00 137.00 NOTE

Check Details

Version: 1.1
Check: R code for possible problems
Result: NOTE
    coef.HDtweedie: no visible global function definition for 'rbind2'
    coef.cv.HDtweedie: no visible global function definition for 'coef'
    cv.tweediegrppath: no visible global function definition for 'predict'
    cv.tweediegrppath: no visible binding for global variable
     'weighted.mean'
    cvcompute: no visible binding for global variable 'weighted.mean'
    error.bars: no visible global function definition for 'segments'
    lambda.interp: no visible global function definition for 'approx'
    plot.HDtweedie: no visible global function definition for 'par'
    plot.HDtweedie: no visible binding for global variable 'plot.default'
    plot.HDtweedie: no visible global function definition for 'gray.colors'
    plot.HDtweedie: no visible global function definition for 'abline'
    plot.cv.HDtweedie: no visible global function definition for 'points'
    plot.cv.HDtweedie: no visible global function definition for 'axis'
    plot.cv.HDtweedie: no visible global function definition for 'abline'
    predict.HDtweedie: no visible global function definition for 'rbind2'
    predict.HDtweedie: no visible global function definition for 'cbind2'
    predict.cv.HDtweedie: no visible global function definition for
     'predict'
    Undefined global functions or variables:
     abline approx axis cbind2 coef gray.colors par plot.default points
     predict rbind2 segments weighted.mean
    Consider adding
     importFrom("grDevices", "gray.colors")
     importFrom("graphics", "abline", "axis", "par", "plot.default",
     "points", "segments")
     importFrom("methods", "cbind2", "rbind2")
     importFrom("stats", "approx", "coef", "predict", "weighted.mean")
    to your NAMESPACE file (and ensure that your DESCRIPTION Imports field
    contains 'methods').
Flavors: r-devel-linux-x86_64-debian-clang, r-devel-linux-x86_64-debian-gcc, r-devel-linux-x86_64-fedora-clang, r-devel-linux-x86_64-fedora-gcc, r-devel-windows-x86_64-new-UL, r-devel-windows-x86_64-new-TK, r-patched-linux-x86_64, r-release-linux-x86_64, r-release-macos-arm64, r-release-macos-x86_64, r-release-windows-ix86+x86_64, r-oldrel-macos-x86_64, r-oldrel-windows-ix86+x86_64

Version: 1.1
Check: compiled code
Result: NOTE
    File ‘HDtweedie/libs/HDtweedie.so’:
     Found no calls to: ‘R_registerRoutines’, ‘R_useDynamicSymbols’
    
    It is good practice to register native routines and to disable symbol
    search.
    
    See ‘Writing portable packages’ in the ‘Writing R Extensions’ manual.
Flavors: r-devel-linux-x86_64-fedora-clang, r-devel-linux-x86_64-fedora-gcc