CRAN Package Check Results for Package HKprocess

Last updated on 2022-01-26 02:51:10 CET.

Flavor Version Tinstall Tcheck Ttotal Status Flags
r-devel-linux-x86_64-debian-clang 0.0-2 17.34 147.94 165.28 NOTE
r-devel-linux-x86_64-debian-gcc 0.0-2 13.82 111.52 125.34 NOTE
r-devel-linux-x86_64-fedora-clang 0.0-2 188.57 NOTE
r-devel-linux-x86_64-fedora-gcc 0.0-2 187.74 NOTE
r-devel-windows-x86_64-new-UL 0.0-2 56.00 165.00 221.00 NOTE
r-devel-windows-x86_64-new-TK 0.0-2 NOTE
r-patched-linux-x86_64 0.0-2 17.07 133.64 150.71 NOTE
r-release-linux-x86_64 0.0-2 15.15 131.43 146.58 NOTE
r-release-macos-arm64 0.0-2 NOTE
r-release-macos-x86_64 0.0-2 NOTE
r-release-windows-ix86+x86_64 0.0-2 51.00 213.00 264.00 NOTE
r-oldrel-macos-x86_64 0.0-2 NOTE
r-oldrel-windows-ix86+x86_64 0.0-2 49.00 222.00 271.00 NOTE

Check Details

Version: 0.0-2
Check: package dependencies
Result: NOTE
    Package suggested but not available for checking: 'FGN'
Flavors: r-devel-linux-x86_64-debian-clang, r-devel-linux-x86_64-debian-gcc, r-devel-linux-x86_64-fedora-clang, r-devel-linux-x86_64-fedora-gcc, r-devel-windows-x86_64-new-UL, r-devel-windows-x86_64-new-TK, r-patched-linux-x86_64, r-release-linux-x86_64, r-release-macos-arm64, r-release-macos-x86_64, r-release-windows-ix86+x86_64, r-oldrel-macos-x86_64, r-oldrel-windows-ix86+x86_64

Version: 0.0-2
Check: compiled code
Result: NOTE
    File ‘HKprocess/libs/HKprocess.so’:
     Found no calls to: ‘R_registerRoutines’, ‘R_useDynamicSymbols’
    
    It is good practice to register native routines and to disable symbol
    search.
    
    See ‘Writing portable packages’ in the ‘Writing R Extensions’ manual.
Flavors: r-devel-linux-x86_64-fedora-clang, r-devel-linux-x86_64-fedora-gcc