CRAN Package Check Results for Package HMMextra0s

Last updated on 2019-09-23 17:47:07 CEST.

Flavor Version Tinstall Tcheck Ttotal Status Flags
r-devel-linux-x86_64-debian-clang 1.0.0 3.14 30.72 33.86 NOTE
r-devel-linux-x86_64-debian-gcc 1.0.0 2.37 23.69 26.06 NOTE
r-devel-linux-x86_64-fedora-clang 1.0.0 41.07 NOTE
r-devel-linux-x86_64-fedora-gcc 1.0.0 40.73 NOTE
r-devel-windows-ix86+x86_64 1.0.0 17.00 73.00 90.00 OK
r-patched-linux-x86_64 1.0.0 2.73 29.99 32.72 OK
r-patched-solaris-x86 1.0.0 62.30 OK
r-release-linux-x86_64 1.0.0 2.88 29.79 32.67 OK
r-release-windows-ix86+x86_64 1.0.0 23.00 74.00 97.00 OK
r-release-osx-x86_64 1.0.0 OK
r-oldrel-windows-ix86+x86_64 1.0.0 9.00 86.00 95.00 OK
r-oldrel-osx-x86_64 1.0.0 OK

Check Details

Version: 1.0.0
Check: for non-standard things in the check directory
Result: NOTE
    Found the following files/directories:
     'HMM2est.image'
Flavors: r-devel-linux-x86_64-debian-clang, r-devel-linux-x86_64-debian-gcc, r-devel-linux-x86_64-fedora-clang, r-devel-linux-x86_64-fedora-gcc