CRAN Package Check Results for Package HMMextra0s

Last updated on 2020-02-17 17:52:10 CET.

Flavor Version Tinstall Tcheck Ttotal Status Flags
r-devel-linux-x86_64-debian-clang 1.0.0 3.28 33.35 36.63 NOTE
r-devel-linux-x86_64-debian-gcc 1.0.0 2.85 25.50 28.35 NOTE
r-devel-linux-x86_64-fedora-clang 1.0.0 44.69 NOTE
r-devel-linux-x86_64-fedora-gcc 1.0.0 42.73 NOTE
r-devel-windows-ix86+x86_64 1.0.0 11.00 57.00 68.00 OK
r-devel-windows-ix86+x86_64-gcc8 1.0.0 14.00 85.00 99.00 OK
r-patched-linux-x86_64 1.0.0 3.13 30.08 33.21 OK
r-patched-solaris-x86 1.0.0 62.50 OK
r-release-linux-x86_64 1.0.0 2.85 30.66 33.51 OK
r-release-windows-ix86+x86_64 1.0.0 10.00 60.00 70.00 OK
r-release-osx-x86_64 1.0.0 OK
r-oldrel-windows-ix86+x86_64 1.0.0 8.00 75.00 83.00 OK
r-oldrel-osx-x86_64 1.0.0 OK

Check Details

Version: 1.0.0
Check: for non-standard things in the check directory
Result: NOTE
    Found the following files/directories:
     'HMM2est.image'
Flavors: r-devel-linux-x86_64-debian-clang, r-devel-linux-x86_64-debian-gcc, r-devel-linux-x86_64-fedora-clang, r-devel-linux-x86_64-fedora-gcc