CRAN Package Check Results for Package HMMextra0s

Last updated on 2020-09-27 23:49:28 CEST.

Flavor Version Tinstall Tcheck Ttotal Status Flags
r-devel-linux-x86_64-debian-clang 1.0.0 3.37 34.53 37.90 NOTE
r-devel-linux-x86_64-debian-gcc 1.0.0 2.61 26.37 28.98 NOTE
r-devel-linux-x86_64-fedora-clang 1.0.0 53.93 NOTE
r-devel-linux-x86_64-fedora-gcc 1.0.0 44.64 NOTE
r-devel-windows-ix86+x86_64 1.0.0 12.00 57.00 69.00 OK
r-patched-linux-x86_64 1.0.0 3.91 33.05 36.96 NOTE
r-patched-solaris-x86 1.0.0 67.70 NOTE
r-release-linux-x86_64 1.0.0 3.63 33.73 37.36 NOTE
r-release-macos-x86_64 1.0.0 OK
r-release-windows-ix86+x86_64 1.0.0 34.00 62.00 96.00 OK
r-oldrel-macos-x86_64 1.0.0 OK
r-oldrel-windows-ix86+x86_64 1.0.0 9.00 61.00 70.00 OK

Check Details

Version: 1.0.0
Check: for non-standard things in the check directory
Result: NOTE
    Found the following files/directories:
     'HMM2est.image'
Flavors: r-devel-linux-x86_64-debian-clang, r-devel-linux-x86_64-debian-gcc, r-devel-linux-x86_64-fedora-clang, r-devel-linux-x86_64-fedora-gcc, r-patched-linux-x86_64, r-patched-solaris-x86, r-release-linux-x86_64