CRAN Package Check Results for Package HW.pval

Last updated on 2020-01-23 06:53:06 CET.

Flavor Version Tinstall Tcheck Ttotal Status Flags
r-devel-linux-x86_64-debian-clang 1.0 2.19 29.08 31.27 NOTE
r-devel-linux-x86_64-debian-gcc 1.0 1.58 21.46 23.04 NOTE
r-devel-linux-x86_64-fedora-clang 1.0 36.34 NOTE
r-devel-linux-x86_64-fedora-gcc 1.0 35.25 NOTE
r-devel-windows-ix86+x86_64 1.0 7.00 52.00 59.00 NOTE
r-devel-windows-ix86+x86_64-gcc8 1.0 5.00 39.00 44.00 NOTE
r-patched-linux-x86_64 1.0 1.65 26.42 28.07 NOTE
r-patched-solaris-x86 1.0 51.60 NOTE
r-release-linux-x86_64 1.0 1.58 26.14 27.72 NOTE
r-release-windows-ix86+x86_64 1.0 4.00 58.00 62.00 NOTE
r-release-osx-x86_64 1.0 NOTE
r-oldrel-windows-ix86+x86_64 1.0 3.00 36.00 39.00 NOTE
r-oldrel-osx-x86_64 1.0 NOTE

Check Details

Version: 1.0
Check: R code for possible problems
Result: NOTE
    HW.plain: no visible global function definition for 'runif'
    Undefined global functions or variables:
     runif
    Consider adding
     importFrom("stats", "runif")
    to your NAMESPACE file.
Flavors: r-devel-linux-x86_64-debian-clang, r-devel-linux-x86_64-debian-gcc, r-devel-linux-x86_64-fedora-clang, r-devel-linux-x86_64-fedora-gcc, r-devel-windows-ix86+x86_64, r-devel-windows-ix86+x86_64-gcc8, r-patched-linux-x86_64, r-patched-solaris-x86, r-release-linux-x86_64, r-release-windows-ix86+x86_64, r-release-osx-x86_64, r-oldrel-windows-ix86+x86_64, r-oldrel-osx-x86_64