CRAN Package Check Results for Package HadamardR

Last updated on 2022-09-28 13:51:52 CEST.

Flavor Version Tinstall Tcheck Ttotal Status Flags
r-devel-linux-x86_64-debian-clang 1.0.0 5.04 35.98 41.02 NOTE
r-devel-linux-x86_64-debian-gcc 1.0.0 3.67 28.40 32.07 NOTE
r-devel-linux-x86_64-fedora-clang 1.0.0 62.13 NOTE
r-devel-linux-x86_64-fedora-gcc 1.0.0 60.27 NOTE
r-devel-windows-x86_64 1.0.0 63.00 75.00 138.00 NOTE
r-patched-linux-x86_64 1.0.0 6.40 33.93 40.33 NOTE
r-release-linux-x86_64 1.0.0 4.95 33.96 38.91 NOTE
r-release-macos-arm64 1.0.0 17.00 NOTE
r-release-macos-x86_64 1.0.0 27.00 NOTE
r-release-windows-x86_64 1.0.0 42.00 64.00 106.00 NOTE
r-oldrel-macos-arm64 1.0.0 23.00 NOTE
r-oldrel-macos-x86_64 1.0.0 33.00 NOTE
r-oldrel-windows-ix86+x86_64 1.0.0 9.00 57.00 66.00 NOTE

Check Details

Version: 1.0.0
Check: LazyData
Result: NOTE
     'LazyData' is specified without a 'data' directory
Flavors: r-devel-linux-x86_64-debian-clang, r-devel-linux-x86_64-debian-gcc, r-devel-linux-x86_64-fedora-clang, r-devel-linux-x86_64-fedora-gcc, r-devel-windows-x86_64, r-patched-linux-x86_64, r-release-linux-x86_64, r-release-macos-arm64, r-release-macos-x86_64, r-release-windows-x86_64, r-oldrel-macos-arm64, r-oldrel-macos-x86_64, r-oldrel-windows-ix86+x86_64