CRAN Package Check Results for Package HelpersMG

Last updated on 2021-04-16 09:50:04 CEST.

Flavor Version Tinstall Tcheck Ttotal Status Flags
r-devel-linux-x86_64-debian-clang 4.5 15.46 111.44 126.90 NOTE
r-devel-linux-x86_64-debian-gcc 4.5 13.50 85.88 99.38 NOTE
r-devel-linux-x86_64-fedora-clang 4.5 158.60 NOTE
r-devel-linux-x86_64-fedora-gcc 4.5 147.88 NOTE
r-devel-windows-ix86+x86_64 4.5 32.00 146.00 178.00 NOTE
r-devel-windows-x86_64-gcc10-UCRT 4.5 NOTE
r-patched-linux-x86_64 4.5 13.41 102.44 115.85 OK
r-patched-solaris-x86 4.5 200.90 OK
r-release-linux-x86_64 4.5 12.91 101.67 114.58 OK
r-release-macos-x86_64 4.5 OK
r-release-windows-ix86+x86_64 4.5 32.00 153.00 185.00 OK
r-oldrel-macos-x86_64 4.5 OK
r-oldrel-windows-ix86+x86_64 4.5 23.00 134.00 157.00 OK

Check Details

Version: 4.5
Check: LazyData
Result: NOTE
     'LazyData' is specified without a 'data' directory
Flavors: r-devel-linux-x86_64-debian-clang, r-devel-linux-x86_64-debian-gcc, r-devel-linux-x86_64-fedora-clang, r-devel-linux-x86_64-fedora-gcc, r-devel-windows-ix86+x86_64, r-devel-windows-x86_64-gcc10-UCRT