CRAN Package Check Results for Package HeritSeq

Last updated on 2022-01-16 20:48:24 CET.

Flavor Version Tinstall Tcheck Ttotal Status Flags
r-devel-linux-x86_64-debian-clang 1.0.2 37.15 314.74 351.89 OK
r-devel-linux-x86_64-debian-gcc 1.0.2 33.89 260.51 294.40 OK
r-devel-linux-x86_64-fedora-clang 1.0.2 445.99 OK
r-devel-linux-x86_64-fedora-gcc 1.0.2 417.13 OK
r-devel-windows-x86_64-new-UL 1.0.2 59.00 313.00 372.00 OK
r-devel-windows-x86_64-new-TK 1.0.2 ERROR
r-patched-linux-x86_64 1.0.2 36.14 305.80 341.94 OK
r-release-linux-x86_64 1.0.2 OK
r-release-macos-arm64 1.0.2 OK
r-release-macos-x86_64 1.0.2 OK
r-release-windows-ix86+x86_64 1.0.2 86.00 344.00 430.00 OK
r-oldrel-macos-x86_64 1.0.2 OK
r-oldrel-windows-ix86+x86_64 1.0.2 81.00 327.00 408.00 OK

Check Details

Version: 1.0.2
Check: package dependencies
Result: ERROR
    Package required but not available: 'lme4'
    
    See section 'The DESCRIPTION file' in the 'Writing R Extensions'
    manual.
Flavor: r-devel-windows-x86_64-new-TK