CRAN Package Check Results for Package HeritSeq

Last updated on 2019-09-15 05:46:16 CEST.

Flavor Version Tinstall Tcheck Ttotal Status Flags
r-devel-linux-x86_64-debian-clang 1.0.1 34.48 258.44 292.92 NOTE
r-devel-linux-x86_64-debian-gcc 1.0.1 30.52 202.82 233.34 NOTE
r-devel-linux-x86_64-fedora-clang 1.0.1 337.32 NOTE
r-devel-linux-x86_64-fedora-gcc 1.0.1 341.91 NOTE
r-devel-windows-ix86+x86_64 1.0.1 90.00 334.00 424.00 NOTE
r-patched-linux-x86_64 1.0.1 31.66 244.72 276.38 NOTE
r-patched-solaris-x86 1.0.1 510.60 NOTE
r-release-linux-x86_64 1.0.1 32.28 242.93 275.21 NOTE
r-release-windows-ix86+x86_64 1.0.1 66.00 226.00 292.00 NOTE
r-release-osx-x86_64 1.0.1 ERROR
r-oldrel-windows-ix86+x86_64 1.0.1 56.00 213.00 269.00 NOTE
r-oldrel-osx-x86_64 1.0.1 NOTE

Check Details

Version: 1.0.1
Check: package dependencies
Result: NOTE
    Package suggested but not available for checking: 'glmmADMB'
Flavors: r-devel-linux-x86_64-debian-clang, r-devel-linux-x86_64-debian-gcc, r-devel-linux-x86_64-fedora-clang, r-devel-linux-x86_64-fedora-gcc, r-devel-windows-ix86+x86_64, r-patched-linux-x86_64, r-patched-solaris-x86, r-release-linux-x86_64, r-release-windows-ix86+x86_64, r-oldrel-windows-ix86+x86_64, r-oldrel-osx-x86_64

Version: 1.0.1
Check: package dependencies
Result: ERROR
    Packages required but not available: 'DESeq2', 'SummarizedExperiment'
    
    Package suggested but not available for checking: ‘glmmADMB’
    
    See section ‘The DESCRIPTION file’ in the ‘Writing R Extensions’
    manual.
Flavor: r-release-osx-x86_64