CRAN Package Check Results for Package HeritSeq

Last updated on 2020-01-23 04:47:37 CET.

Flavor Version Tinstall Tcheck Ttotal Status Flags
r-devel-linux-x86_64-debian-clang 1.0.1 33.54 275.65 309.19 NOTE
r-devel-linux-x86_64-debian-gcc 1.0.1 32.00 212.18 244.18 NOTE
r-devel-linux-x86_64-fedora-clang 1.0.1 397.68 NOTE
r-devel-linux-x86_64-fedora-gcc 1.0.1 381.16 NOTE
r-devel-windows-ix86+x86_64 1.0.1 75.00 348.00 423.00 NOTE
r-devel-windows-ix86+x86_64-gcc8 1.0.1 101.00 251.00 352.00 NOTE
r-patched-linux-x86_64 1.0.1 26.28 244.99 271.27 NOTE
r-patched-solaris-x86 1.0.1 516.90 NOTE
r-release-linux-x86_64 1.0.1 29.80 247.95 277.75 NOTE
r-release-windows-ix86+x86_64 1.0.1 59.00 325.00 384.00 NOTE
r-release-osx-x86_64 1.0.1 ERROR
r-oldrel-windows-ix86+x86_64 1.0.1 33.00 199.00 232.00 NOTE
r-oldrel-osx-x86_64 1.0.1 NOTE

Check Details

Version: 1.0.1
Check: package dependencies
Result: NOTE
    Package suggested but not available for checking: 'glmmADMB'
Flavors: r-devel-linux-x86_64-debian-clang, r-devel-linux-x86_64-debian-gcc, r-devel-linux-x86_64-fedora-clang, r-devel-linux-x86_64-fedora-gcc, r-devel-windows-ix86+x86_64, r-devel-windows-ix86+x86_64-gcc8, r-patched-linux-x86_64, r-patched-solaris-x86, r-release-linux-x86_64, r-release-windows-ix86+x86_64, r-release-osx-x86_64, r-oldrel-windows-ix86+x86_64, r-oldrel-osx-x86_64

Version: 1.0.1
Check: whether package can be installed
Result: ERROR
    Installation failed.
Flavor: r-release-osx-x86_64