CRAN Package Check Results for Package HiCseg

Last updated on 2019-09-18 21:46:16 CEST.

Flavor Version Tinstall Tcheck Ttotal Status Flags
r-devel-linux-x86_64-debian-clang 1.1 3.22 21.16 24.38 OK
r-devel-linux-x86_64-debian-gcc 1.1 2.35 17.42 19.77 OK
r-devel-linux-x86_64-fedora-clang 1.1 32.16 NOTE
r-devel-linux-x86_64-fedora-gcc 1.1 31.09 NOTE
r-devel-windows-ix86+x86_64 1.1 31.00 61.00 92.00 OK
r-patched-linux-x86_64 1.1 2.21 21.32 23.53 OK
r-patched-solaris-x86 1.1 51.60 OK
r-release-linux-x86_64 1.1 2.27 21.04 23.31 OK
r-release-windows-ix86+x86_64 1.1 10.00 75.00 85.00 OK
r-release-osx-x86_64 1.1 OK
r-oldrel-windows-ix86+x86_64 1.1 6.00 40.00 46.00 OK
r-oldrel-osx-x86_64 1.1 OK

Check Details

Version: 1.1
Check: compiled code
Result: NOTE
    File ‘HiCseg/libs/HiCseg.so’:
     Found no calls to: ‘R_registerRoutines’, ‘R_useDynamicSymbols’
    
    It is good practice to register native routines and to disable symbol
    search.
    
    See ‘Writing portable packages’ in the ‘Writing R Extensions’ manual.
Flavors: r-devel-linux-x86_64-fedora-clang, r-devel-linux-x86_64-fedora-gcc