CRAN Package Check Results for Package HiCseg

Last updated on 2020-02-27 20:48:27 CET.

Flavor Version Tinstall Tcheck Ttotal Status Flags
r-devel-linux-x86_64-debian-clang 1.1 2.92 22.95 25.87 OK
r-devel-linux-x86_64-debian-gcc 1.1 2.47 18.63 21.10 OK
r-devel-linux-x86_64-fedora-clang 1.1 35.47 NOTE
r-devel-linux-x86_64-fedora-gcc 1.1 32.88 NOTE
r-devel-windows-ix86+x86_64 1.1 10.00 44.00 54.00 OK
r-devel-windows-ix86+x86_64-gcc8 1.1 10.00 46.00 56.00 OK
r-patched-linux-x86_64 1.1 2.32 21.40 23.72 OK
r-patched-solaris-x86 1.1 55.40 OK
r-release-linux-x86_64 1.1 2.33 21.33 23.66 OK
r-release-windows-ix86+x86_64 1.1 10.00 75.00 85.00 OK
r-release-osx-x86_64 1.1 OK
r-oldrel-windows-ix86+x86_64 1.1 6.00 40.00 46.00 OK
r-oldrel-osx-x86_64 1.1 OK

Check Details

Version: 1.1
Check: compiled code
Result: NOTE
    File ‘HiCseg/libs/HiCseg.so’:
     Found no calls to: ‘R_registerRoutines’, ‘R_useDynamicSymbols’
    
    It is good practice to register native routines and to disable symbol
    search.
    
    See ‘Writing portable packages’ in the ‘Writing R Extensions’ manual.
Flavors: r-devel-linux-x86_64-fedora-clang, r-devel-linux-x86_64-fedora-gcc